{"id":9379,"date":"2026-04-17T07:33:30","date_gmt":"2026-04-17T05:33:30","guid":{"rendered":"https:\/\/www.vos-sosmost.cz\/?page_id=9379"},"modified":"2026-04-17T07:33:30","modified_gmt":"2026-04-17T05:33:30","slug":"informace-k-maturitni-zkousce-podzim-2026","status":"publish","type":"page","link":"https:\/\/www.vos-sosmost.cz\/index.php\/informace-k-maturitni-zkousce-podzim-2026\/","title":{"rendered":"Informace k maturitn\u00ed zkou\u0161ce &#8211; podzim 2026"},"content":{"rendered":"<p>Informace pro uchaze\u010de v opravn\u00e9m nebo n\u00e1hradn\u00edm term\u00ednu maturitn\u00ed zkou\u0161ky &#8211; <strong><a href=\"\/sos\/maturita\/informace_mz_podzim_2026.pdf\">ve form\u00e1tu PDF<\/a><\/strong><\/p>\n<p>Datumovn\u00edk MZ &#8211; <strong><a href=\"\/sos\/maturita\/datumovnik_mz_podzim_2026.pdf\">ve form\u00e1tu PDF<\/a><\/strong><\/p>\n<p>Sd\u011blen\u00ed Ministerstva \u0161kolstv\u00ed, ml\u00e1de\u017ee a t\u011blov\u00fdchovy &#8211; <strong><a href=\"\/sos\/maturita\/sdeleni_msmt_podzim_2026.pdf\">ve form\u00e1tu PDF<\/a><\/strong><\/p>\n<p>&nbsp;<\/p>\n","protected":false},"excerpt":{"rendered":"<p>Informace pro uchaze\u010de v opravn\u00e9m nebo n\u00e1hradn\u00edm term\u00ednu maturitn\u00ed zkou\u0161ky &#8211; ve form\u00e1tu PDF Datumovn\u00edk MZ &#8211; ve form\u00e1tu PDF Sd\u011blen\u00ed Ministerstva \u0161kolstv\u00ed, ml\u00e1de\u017ee a t\u011blov\u00fdchovy &#8211; ve form\u00e1tu PDF &nbsp;<\/p>\n","protected":false},"author":1,"featured_media":0,"parent":0,"menu_order":0,"comment_status":"closed","ping_status":"closed","template":"","meta":{"ngg_post_thumbnail":0,"footnotes":""},"class_list":["post-9379","page","type-page","status-publish","hentry"],"_links":{"self":[{"href":"https:\/\/www.vos-sosmost.cz\/index.php\/wp-json\/wp\/v2\/pages\/9379","targetHints":{"allow":["GET"]}}],"collection":[{"href":"https:\/\/www.vos-sosmost.cz\/index.php\/wp-json\/wp\/v2\/pages"}],"about":[{"href":"https:\/\/www.vos-sosmost.cz\/index.php\/wp-json\/wp\/v2\/types\/page"}],"author":[{"embeddable":true,"href":"https:\/\/www.vos-sosmost.cz\/index.php\/wp-json\/wp\/v2\/users\/1"}],"replies":[{"embeddable":true,"href":"https:\/\/www.vos-sosmost.cz\/index.php\/wp-json\/wp\/v2\/comments?post=9379"}],"version-history":[{"count":1,"href":"https:\/\/www.vos-sosmost.cz\/index.php\/wp-json\/wp\/v2\/pages\/9379\/revisions"}],"predecessor-version":[{"id":9380,"href":"https:\/\/www.vos-sosmost.cz\/index.php\/wp-json\/wp\/v2\/pages\/9379\/revisions\/9380"}],"wp:attachment":[{"href":"https:\/\/www.vos-sosmost.cz\/index.php\/wp-json\/wp\/v2\/media?parent=9379"}],"curies":[{"name":"wp","href":"https:\/\/api.w.org\/{rel}","templated":true}]}}