{"id":9283,"date":"2026-03-13T10:51:12","date_gmt":"2026-03-13T09:51:12","guid":{"rendered":"https:\/\/www.vos-sosmost.cz\/?page_id=9283"},"modified":"2026-03-18T10:23:25","modified_gmt":"2026-03-18T09:23:25","slug":"zkracena-forma-vzdelavani","status":"publish","type":"page","link":"https:\/\/www.vos-sosmost.cz\/index.php\/zkracena-forma-vzdelavani\/","title":{"rendered":"P\u0159ij\u00edm\u00e1n\u00ed do vy\u0161\u0161\u00edho ro\u010dn\u00edku vzd\u011bl\u00e1v\u00e1n\u00ed &#8211; zkr\u00e1cen\u00e1 forma vzd\u011bl\u00e1v\u00e1n\u00ed na VO\u0160"},"content":{"rendered":"<p>Podle \u00a7 93 z\u00e1kona \u010d. 561\/2004 Sb., d\u00e1le \u0160kolsk\u00fd z\u00e1kon, ke vzd\u011bl\u00e1v\u00e1n\u00ed na vy\u0161\u0161\u00ed odborn\u00e9 \u0161kole lze p\u0159ijmout uchaze\u010de, kte\u0159\u00ed z\u00edskali st\u0159edn\u00ed vzd\u011bl\u00e1n\u00ed s maturitn\u00ed zkou\u0161kou, a kte\u0159\u00ed p\u0159i p\u0159ij\u00edmac\u00edm \u0159\u00edzen\u00ed splnili podm\u00ednky pro p\u0159ijet\u00ed prok\u00e1z\u00e1n\u00ed vhodn\u00fdch schopnost\u00ed, v\u011bdomost\u00ed, z\u00e1jm\u016f a zdravotn\u00ed zp\u016fsobilosti. Podle \u00a7 95 \u0160kolsk\u00e9ho z\u00e1kona \u0159editel m\u016f\u017ee uchaze\u010de p\u0159ijmout do vy\u0161\u0161\u00edho ne\u017e prvn\u00edho ro\u010dn\u00edku vzd\u011bl\u00e1v\u00e1n\u00ed ve vy\u0161\u0161\u00ed odborn\u00e9 \u0161kole.<\/p>\n<p><a href=\"https:\/\/www.vos-sosmost.cz\/index.php\/fek-zkracena-forma-vzdelavani\/\"><strong>Firemn\u00ed ekonomika &#8211; denn\u00ed a d\u00e1lkov\u00e1 forma vzd\u011bl\u00e1v\u00e1n\u00ed<\/strong><\/a><\/p>\n<p><strong><a href=\"https:\/\/www.vos-sosmost.cz\/index.php\/pmp-zkracena-forma-vzdelavani\/\">P\u0159ed\u0161koln\u00ed a mimo\u0161koln\u00ed pedagogika &#8211; denn\u00ed a d\u00e1lkov\u00e1 forma vzd\u011bl\u00e1v\u00e1n\u00ed<\/a><\/strong><\/p>\n<p><strong><a href=\"https:\/\/www.vos-sosmost.cz\/index.php\/vyssi-odborna-skola\/uchazec\/diplomovana-vseobecna-sestra-zkracena-forma-vzdelavani\/\">Diplomovan\u00e1 v\u0161eobecn\u00e1 sestra &#8211; denn\u00ed a kombinovan\u00e1 forma vzd\u011bl\u00e1v\u00e1n\u00ed<\/a><\/strong><\/p>\n<p><strong><a href=\"https:\/\/www.vos-sosmost.cz\/index.php\/vyssi-odborna-skola\/uchazec\/diplomovana-vseobecna-sestra-zkracena-forma-vzdelavani\/\">Diplomovan\u00e1 d\u011btsk\u00e1 sestra &#8211; denn\u00ed a kombinovan\u00e1 forma vzd\u011bl\u00e1v\u00e1n\u00ed<\/a><\/strong><\/p>\n","protected":false},"excerpt":{"rendered":"<p>Podle \u00a7 93 z\u00e1kona \u010d. 561\/2004 Sb., d\u00e1le \u0160kolsk\u00fd z\u00e1kon, ke vzd\u011bl\u00e1v\u00e1n\u00ed na vy\u0161\u0161\u00ed odborn\u00e9 \u0161kole lze p\u0159ijmout uchaze\u010de, kte\u0159\u00ed z\u00edskali st\u0159edn\u00ed vzd\u011bl\u00e1n\u00ed s maturitn\u00ed zkou\u0161kou, a kte\u0159\u00ed p\u0159i p\u0159ij\u00edmac\u00edm \u0159\u00edzen\u00ed splnili podm\u00ednky pro p\u0159ijet\u00ed prok\u00e1z\u00e1n\u00ed vhodn\u00fdch schopnost\u00ed, v\u011bdomost\u00ed, z\u00e1jm\u016f <a href=\"https:\/\/www.vos-sosmost.cz\/index.php\/zkracena-forma-vzdelavani\/\" class=\"read-more\">Read More &#8230;<\/a><\/p>\n","protected":false},"author":1,"featured_media":5658,"parent":0,"menu_order":0,"comment_status":"closed","ping_status":"closed","template":"","meta":{"ngg_post_thumbnail":0,"footnotes":""},"class_list":["post-9283","page","type-page","status-publish","has-post-thumbnail","hentry"],"_links":{"self":[{"href":"https:\/\/www.vos-sosmost.cz\/index.php\/wp-json\/wp\/v2\/pages\/9283","targetHints":{"allow":["GET"]}}],"collection":[{"href":"https:\/\/www.vos-sosmost.cz\/index.php\/wp-json\/wp\/v2\/pages"}],"about":[{"href":"https:\/\/www.vos-sosmost.cz\/index.php\/wp-json\/wp\/v2\/types\/page"}],"author":[{"embeddable":true,"href":"https:\/\/www.vos-sosmost.cz\/index.php\/wp-json\/wp\/v2\/users\/1"}],"replies":[{"embeddable":true,"href":"https:\/\/www.vos-sosmost.cz\/index.php\/wp-json\/wp\/v2\/comments?post=9283"}],"version-history":[{"count":6,"href":"https:\/\/www.vos-sosmost.cz\/index.php\/wp-json\/wp\/v2\/pages\/9283\/revisions"}],"predecessor-version":[{"id":9315,"href":"https:\/\/www.vos-sosmost.cz\/index.php\/wp-json\/wp\/v2\/pages\/9283\/revisions\/9315"}],"wp:featuredmedia":[{"embeddable":true,"href":"https:\/\/www.vos-sosmost.cz\/index.php\/wp-json\/wp\/v2\/media\/5658"}],"wp:attachment":[{"href":"https:\/\/www.vos-sosmost.cz\/index.php\/wp-json\/wp\/v2\/media?parent=9283"}],"curies":[{"name":"wp","href":"https:\/\/api.w.org\/{rel}","templated":true}]}}