{"id":822,"date":"2022-08-11T14:45:44","date_gmt":"2022-08-11T12:45:44","guid":{"rendered":"https:\/\/www.vos-sosmost.cz\/?page_id=822"},"modified":"2026-03-26T09:48:00","modified_gmt":"2026-03-26T08:48:00","slug":"plan-cinnosti","status":"publish","type":"page","link":"https:\/\/www.vos-sosmost.cz\/index.php\/domov-mladeze\/plan-cinnosti\/","title":{"rendered":"Pl\u00e1n \u010dinnost\u00ed"},"content":{"rendered":"<p><strong><a href=\"\/dm\/plany\/duben_2026.pdf\">Duben 2026<\/a><\/strong><\/p>\n<p><strong><a href=\"\/dm\/plany\/brezen_2026.pdf\">B\u0159ezen 2026<\/a><\/strong><\/p>\n<p><strong><a href=\"\/dm\/plany\/unor_2026.pdf\">\u00danor 2026<\/a><\/strong><\/p>\n<p><strong><a href=\"\/dm\/plany\/leden_2026.pdf\">Leden 2026<\/a><\/strong><\/p>\n<p><strong><a href=\"\/dm\/plany\/prosinec_2025.pdf\">Prosinec 2025<\/a><\/strong><\/p>\n<p><strong><a href=\"\/dm\/plany\/listopad_2025.pdf\">Listopad 2025<\/a><\/strong><\/p>\n<p><strong><a href=\"\/dm\/plany\/rijen_2025.pdf\">\u0158\u00edjen 2025<\/a><\/strong><\/p>\n<p><strong><a href=\"\/dm\/plany\/zari_2025.pdf\">Z\u00e1\u0159\u00ed 2025<\/a><\/strong><\/p>\n<p><strong><a href=\"https:\/\/www.vos-sosmost.cz\/wp-content\/uploads\/2025\/09\/Rocni-plan-DM-2025-2026-aktualizace.pdf\">Ro\u010dn\u00ed pl\u00e1n DM 2025-2026<\/a><\/strong><\/p>\n<p>&nbsp;<\/p>\n","protected":false},"excerpt":{"rendered":"<p>Duben 2026 B\u0159ezen 2026 \u00danor 2026 Leden 2026 Prosinec 2025 Listopad 2025 \u0158\u00edjen 2025 Z\u00e1\u0159\u00ed 2025 Ro\u010dn\u00ed pl\u00e1n DM 2025-2026 &nbsp;<\/p>\n","protected":false},"author":1,"featured_media":0,"parent":277,"menu_order":0,"comment_status":"closed","ping_status":"closed","template":"","meta":{"ngg_post_thumbnail":0,"footnotes":""},"class_list":["post-822","page","type-page","status-publish","hentry"],"_links":{"self":[{"href":"https:\/\/www.vos-sosmost.cz\/index.php\/wp-json\/wp\/v2\/pages\/822","targetHints":{"allow":["GET"]}}],"collection":[{"href":"https:\/\/www.vos-sosmost.cz\/index.php\/wp-json\/wp\/v2\/pages"}],"about":[{"href":"https:\/\/www.vos-sosmost.cz\/index.php\/wp-json\/wp\/v2\/types\/page"}],"author":[{"embeddable":true,"href":"https:\/\/www.vos-sosmost.cz\/index.php\/wp-json\/wp\/v2\/users\/1"}],"replies":[{"embeddable":true,"href":"https:\/\/www.vos-sosmost.cz\/index.php\/wp-json\/wp\/v2\/comments?post=822"}],"version-history":[{"count":67,"href":"https:\/\/www.vos-sosmost.cz\/index.php\/wp-json\/wp\/v2\/pages\/822\/revisions"}],"predecessor-version":[{"id":9325,"href":"https:\/\/www.vos-sosmost.cz\/index.php\/wp-json\/wp\/v2\/pages\/822\/revisions\/9325"}],"up":[{"embeddable":true,"href":"https:\/\/www.vos-sosmost.cz\/index.php\/wp-json\/wp\/v2\/pages\/277"}],"wp:attachment":[{"href":"https:\/\/www.vos-sosmost.cz\/index.php\/wp-json\/wp\/v2\/media?parent=822"}],"curies":[{"name":"wp","href":"https:\/\/api.w.org\/{rel}","templated":true}]}}