{"id":7786,"date":"2024-02-09T12:59:28","date_gmt":"2024-02-09T11:59:28","guid":{"rendered":"https:\/\/www.vos-sosmost.cz\/?page_id=7786"},"modified":"2026-03-04T12:12:40","modified_gmt":"2026-03-04T11:12:40","slug":"spoluprace-s-fzs-ujep","status":"publish","type":"page","link":"https:\/\/www.vos-sosmost.cz\/index.php\/o-skole\/spoluprace-s-fzs-ujep\/","title":{"rendered":"Spolupr\u00e1ce s FZS UJEP"},"content":{"rendered":"<p>24. 1. 2024 bylo \u0161kole p\u0159ed\u00e1no osv\u011bd\u010den\u00ed o ud\u011blen\u00ed statutu <a href=\"https:\/\/fzs.ujep.cz\/cs\/fakultni-skoly\">Fakultn\u00ed \u0161koly Fakulty zdravotnick\u00fdch studi\u00ed UJEP<\/a>.<\/p>\n<p><a href=\"https:\/\/www.vos-sosmost.cz\/wp-content\/uploads\/2024\/02\/fzsujep.jpg\"><img loading=\"lazy\" decoding=\"async\" class=\"alignnone wp-image-7790 size-medium\" src=\"https:\/\/www.vos-sosmost.cz\/wp-content\/uploads\/2024\/02\/fzsujep-210x300.jpg\" alt=\"\" width=\"210\" height=\"300\" srcset=\"https:\/\/www.vos-sosmost.cz\/wp-content\/uploads\/2024\/02\/fzsujep-210x300.jpg 210w, https:\/\/www.vos-sosmost.cz\/wp-content\/uploads\/2024\/02\/fzsujep-718x1024.jpg 718w, https:\/\/www.vos-sosmost.cz\/wp-content\/uploads\/2024\/02\/fzsujep-768x1095.jpg 768w, https:\/\/www.vos-sosmost.cz\/wp-content\/uploads\/2024\/02\/fzsujep-189x270.jpg 189w, https:\/\/www.vos-sosmost.cz\/wp-content\/uploads\/2024\/02\/fzsujep-17x24.jpg 17w, https:\/\/www.vos-sosmost.cz\/wp-content\/uploads\/2024\/02\/fzsujep-25x36.jpg 25w, https:\/\/www.vos-sosmost.cz\/wp-content\/uploads\/2024\/02\/fzsujep-34x48.jpg 34w, https:\/\/www.vos-sosmost.cz\/wp-content\/uploads\/2024\/02\/fzsujep.jpg 1023w\" sizes=\"auto, (max-width: 210px) 100vw, 210px\" \/><\/a><\/p>\n<p>&nbsp;<\/p>\n","protected":false},"excerpt":{"rendered":"<p>24. 1. 2024 bylo \u0161kole p\u0159ed\u00e1no osv\u011bd\u010den\u00ed o ud\u011blen\u00ed statutu Fakultn\u00ed \u0161koly Fakulty zdravotnick\u00fdch studi\u00ed UJEP. &nbsp;<\/p>\n","protected":false},"author":2,"featured_media":0,"parent":353,"menu_order":0,"comment_status":"closed","ping_status":"closed","template":"","meta":{"ngg_post_thumbnail":0,"footnotes":""},"class_list":["post-7786","page","type-page","status-publish","hentry"],"_links":{"self":[{"href":"https:\/\/www.vos-sosmost.cz\/index.php\/wp-json\/wp\/v2\/pages\/7786","targetHints":{"allow":["GET"]}}],"collection":[{"href":"https:\/\/www.vos-sosmost.cz\/index.php\/wp-json\/wp\/v2\/pages"}],"about":[{"href":"https:\/\/www.vos-sosmost.cz\/index.php\/wp-json\/wp\/v2\/types\/page"}],"author":[{"embeddable":true,"href":"https:\/\/www.vos-sosmost.cz\/index.php\/wp-json\/wp\/v2\/users\/2"}],"replies":[{"embeddable":true,"href":"https:\/\/www.vos-sosmost.cz\/index.php\/wp-json\/wp\/v2\/comments?post=7786"}],"version-history":[{"count":4,"href":"https:\/\/www.vos-sosmost.cz\/index.php\/wp-json\/wp\/v2\/pages\/7786\/revisions"}],"predecessor-version":[{"id":9252,"href":"https:\/\/www.vos-sosmost.cz\/index.php\/wp-json\/wp\/v2\/pages\/7786\/revisions\/9252"}],"up":[{"embeddable":true,"href":"https:\/\/www.vos-sosmost.cz\/index.php\/wp-json\/wp\/v2\/pages\/353"}],"wp:attachment":[{"href":"https:\/\/www.vos-sosmost.cz\/index.php\/wp-json\/wp\/v2\/media?parent=7786"}],"curies":[{"name":"wp","href":"https:\/\/api.w.org\/{rel}","templated":true}]}}