{"id":6895,"date":"2023-03-10T08:49:50","date_gmt":"2023-03-10T07:49:50","guid":{"rendered":"https:\/\/www.vos-sosmost.cz\/?page_id=6895"},"modified":"2025-10-23T14:23:34","modified_gmt":"2025-10-23T12:23:34","slug":"predskolni-a-mimoskolni-pedagogika-dalkova-forma","status":"publish","type":"page","link":"https:\/\/www.vos-sosmost.cz\/index.php\/vyssi-odborna-skola\/uchazec\/predskolni-a-mimoskolni-pedagogika-dalkova-forma\/","title":{"rendered":"P\u0159ed\u0161koln\u00ed a mimo\u0161koln\u00ed pedagogika &#8211; d\u00e1lkov\u00e1 forma"},"content":{"rendered":"<table style=\"border-collapse: collapse; width: 100%;\">\n<tbody>\n<tr>\n<td style=\"width: 33.4656%; text-align: left;\"><strong>CHARAKTERISTIKA OBORU<\/strong><\/td>\n<td style=\"width: 66.5344%;\"><\/td>\n<\/tr>\n<tr>\n<td style=\"width: 33.4656%; text-align: left;\"><b>Vzd\u011bl\u00e1vac\u00ed program<\/b><\/td>\n<td style=\"width: 66.5344%; text-align: left;\"><b>KKOV 75-31\/N03\u00a0 P\u0159ed\u0161koln\u00ed a mimo\u0161koln\u00ed pedagogika<br \/>\n<\/b><\/td>\n<\/tr>\n<tr>\n<td style=\"width: 33.4656%; text-align: left;\"><b>Obor vzd\u011bl\u00e1n\u00ed<\/b><\/td>\n<td style=\"width: 66.5344%; text-align: left;\"><b>KKOV 75-31\/N\u00a0 P\u0159ed\u0161koln\u00ed a mimo\u0161koln\u00ed pedagogika<br \/>\n<\/b><\/td>\n<\/tr>\n<tr>\n<td style=\"width: 33.4656%; text-align: left;\"><b>Vzd\u011bl\u00e1v\u00e1n\u00ed<\/b><\/td>\n<td style=\"width: 66.5344%; text-align: left;\">vy\u0161\u0161\u00ed odborn\u00e9 t\u0159\u00edlet\u00e9 pro absolventy st\u0159edn\u00ed \u0161koly s maturitn\u00ed zkou\u0161kou<\/td>\n<\/tr>\n<tr>\n<td style=\"width: 33.4656%; text-align: left;\"><b>Zakon\u010den\u00ed<\/b><\/td>\n<td style=\"width: 66.5344%; text-align: left;\">absolutorium<\/td>\n<\/tr>\n<tr>\n<td style=\"width: 33.4656%; text-align: left;\"><b>Vzd\u011bl\u00e1n\u00ed<\/b><\/td>\n<td style=\"width: 66.5344%; text-align: left;\">vy\u0161\u0161\u00ed odborn\u00e9<\/td>\n<\/tr>\n<tr>\n<td style=\"width: 33.4656%; text-align: left;\"><b>Titul<\/b><\/td>\n<td style=\"width: 66.5344%; text-align: left;\">Diplomovan\u00fd specialista v p\u0159ed\u0161koln\u00ed a mimo\u0161koln\u00ed pedagogice (DiS.)<\/td>\n<\/tr>\n<tr>\n<td style=\"width: 33.4656%; text-align: left;\"><b>\u0160koln\u00e9<\/b><\/td>\n<td style=\"width: 66.5344%; text-align: left;\">3 000,&#8211; K\u010d\/rok<\/td>\n<\/tr>\n<\/tbody>\n<\/table>\n<p><strong>U\u010cEBN\u00cd PL\u00c1N<\/strong> &#8211; <a href=\"https:\/\/www.vos-sosmost.cz\/vos\/studium\/plan_pmp_dalkova_2025.pdf\" target=\"_blank\" rel=\"noopener\"><strong><span style=\"font-size: 14pt;\"> ve form\u00e1tu PDF.<\/span><\/strong><\/a><strong><span style=\"font-size: 14pt;\">\u00a0<\/span><\/strong><br \/>\n<b><\/b><\/p>\n<p><strong>PROFIL ABSOLVENTA<\/strong><\/p>\n<p>Absolvent vzd\u011bl\u00e1vac\u00edho programu P\u0159ed\u0161koln\u00ed a mimo\u0161koln\u00ed pedagogika napl\u0148uje kompetence takov\u00fdm zp\u016fsobem, aby byla zohledn\u011bna multifunk\u010dnost pedagogick\u00e9 pr\u00e1ce, je\u017e sm\u011b\u0159uje ke v\u0161em v\u011bkov\u00fdm a soci\u00e1ln\u00edm skupin\u00e1m obyvatelstva. Kompetence, kter\u00e9 absolvent z\u00edskal, zahrnuj\u00ed soubor profesn\u00edch v\u011bdomost\u00ed, dovednost\u00ed, postoj\u016f, hodnotov\u00fdch orientac\u00ed a d\u00e1le hodnoty jeho ob\u010dansk\u00e9ho a osobn\u00edho \u017eivota.<\/p>\n<p>V oblasti odborn\u00e9ho vzd\u011bl\u00e1v\u00e1n\u00ed je studium na VO\u0160 na rozd\u00edl od bakal\u00e1\u0159sk\u00e9ho \u010di magistersk\u00e9ho studia zam\u011b\u0159eno na z\u00edsk\u00e1v\u00e1n\u00ed praktick\u00fdch dovednost\u00ed, pracovn\u00edch n\u00e1vyk\u016f a kompetenc\u00ed.<\/p>\n<p><b>UPLATN\u011aN\u00cd ABSOLVENT\u016e<\/b><\/p>\n<p>Absolvent programu je p\u0159ipraven pro pr\u00e1ci u\u010ditele mate\u0159sk\u00e9 \u0161koly, vychovatele, pedagoga voln\u00e9ho \u010dasu a asistence pedagoga zejm\u00e9na v t\u011bchto instituc\u00edch: mate\u0159sk\u00e9 \u0161koly, p\u0159\u00edpravn\u00e9 t\u0159\u00eddy z\u00e1kladn\u00ed \u0161koly, \u0161koln\u00ed dru\u017einy a \u0161koln\u00ed kluby, domovy ml\u00e1de\u017ee, st\u0159ediska v\u00fdchovn\u00e9 p\u00e9\u010de, diagnostick\u00e9 \u00fastavy, d\u011btsk\u00e9 domovy, d\u011btsk\u00e9 domovy se \u0161kolou, v\u00fdchovn\u00e9 \u00fastavy, st\u0159ediska voln\u00e9ho \u010dasu, domy pro osoby se zdravotn\u00edm posti\u017een\u00edm, denn\u00ed a t\u00fddenn\u00ed stacion\u00e1\u0159e, psychiatrick\u00e9 l\u00e9\u010debny, \u0161koly p\u0159i nemocnic\u00edch a l\u00e9\u010debn\u00e1ch.<\/p>\n<p><b>ABSOLUTORIUM<\/b><\/p>\n<ol>\n<li>Teoretick\u00e1 zkou\u0161ka z odborn\u00fdch p\u0159edm\u011bt\u016f\n<ul style=\"list-style-type: square;\">\n<li>pedagogika<\/li>\n<li>pedagogika p\u0159ed\u0161koln\u00ed a voln\u00e9ho \u010dasu<\/li>\n<li>psychologie<\/li>\n<\/ul>\n<\/li>\n<li>Ciz\u00ed jazyk &#8211; anglick\u00fd, n\u011bmeck\u00fd, rusk\u00fd<\/li>\n<li>Absolventsk\u00e1 pr\u00e1ce a jej\u00ed obhajoba<\/li>\n<\/ol>\n<p><b>ORGANIZACE V\u00ddUKY<\/b><\/p>\n<p>V souladu se z\u00e1konem o pedagogick\u00fdch pracovn\u00edc\u00edch \u010d\u00edslo 563\/2004Sb. je studium zam\u011b\u0159eno na pedagogick\u00e9 teorie v\u00fdchovy a vzd\u011bl\u00e1v\u00e1n\u00ed v jejich historick\u00e9m v\u00fdvoji i v sou\u010dasn\u00fdch pojet\u00edch a na z\u00edsk\u00e1n\u00ed praktick\u00fdch dovednost\u00ed umo\u017e\u0148uj\u00edc\u00edch pod\u00edlet se na pl\u00e1nov\u00e1n\u00ed, realizaci a hodnocen\u00ed aktivit v oblasti v\u00fdchovy a vzd\u011bl\u00e1v\u00e1n\u00ed v r\u016fzn\u00fdch prost\u0159ed\u00edch.<\/p>\n<ol>\n<li>\u00a0Teoretick\u00e1 v\u00fduka prob\u00edh\u00e1 1 x t\u00fddn\u011b v \u00fater\u00fd a 2x m\u011bs\u00ed\u010dn\u011b v sobotu a v ned\u011bli cel\u00fd den<\/li>\n<li>Praktick\u00e1 v\u00fduka prob\u00edh\u00e1 formou\n<ul style=\"list-style-type: square;\">\n<li>pr\u016fb\u011b\u017en\u00e9 praxe v p\u0159edm\u011btu pedagogick\u00e1 praxe v rozsahu 5-10 hodin za obdob\u00ed<\/li>\n<li>souvisl\u00e9 praxe prost\u0159ednictv\u00edm souvisl\u00fdch \u010dasov\u00fdch celk\u016f, kter\u00e9 student absolvuje v 1. ro\u010dn\u00edku v rozsahu 10 t\u00fddn\u016f, ve 2. ro\u010dn\u00edku v rozsahu 8 t\u00fddn\u016f a ve 3. ro\u010dn\u00edku v rozsahu 2 t\u00fddn\u016f (\u0161kola v\u0161ak nab\u00edz\u00ed individu\u00e1ln\u00ed p\u0159\u00edstup dle vnit\u0159n\u00ed sm\u011brnice)<\/li>\n<\/ul>\n<\/li>\n<li>Kurzy v pr\u016fb\u011bhu studia\n<ul style=\"list-style-type: square;\">\n<li>kurz v\u00fdchov<\/li>\n<li>kurz zimn\u00edch sport\u016f<\/li>\n<li>kurz plav\u00e1n\u00ed jako sou\u010d\u00e1st t\u011blesn\u00e9 v\u00fdchovy s didaktikou<\/li>\n<\/ul>\n<\/li>\n<\/ol>\n<p><b>STUDENTSK\u00c9 V\u00ddHODY<\/b><\/p>\n<ol>\n<li>Program Erasmus+\n<ul style=\"list-style-type: square;\">\n<li>\u0161kola umo\u017e\u0148uje student\u016fm v pr\u016fb\u011bhu studia v\u00fdkon praxe, studijn\u00ed pobyty a st\u00e1\u017ee pro absolventy v zem\u00edch EU<\/li>\n<li>odbornou praxi ro\u010dn\u011b absolvuje v pr\u016fm\u011bru 20 student\u016f na\u0161\u00ed \u0161koly p\u0159edev\u0161\u00edm v Holandsku, Irsku, N\u011bmecku, Islandu, \u0160pan\u011blsku, Francii, Litv\u011b a Malt\u011b<\/li>\n<li>\u0161kola je dr\u017eitelem Certifik\u00e1tu mobility v odborn\u00e9m vzd\u011bl\u00e1v\u00e1n\u00ed a p\u0159\u00edprav\u011b<\/li>\n<\/ul>\n<\/li>\n<li>Licence Microsoft Office\n<ul style=\"list-style-type: square;\">\n<li>ka\u017ed\u00fd student m\u00e1 mo\u017enost licence MS Office k dom\u00e1c\u00edmu pou\u017eit\u00ed zdarma<\/li>\n<\/ul>\n<\/li>\n<li>ALIVE karta\n<ul style=\"list-style-type: square;\">\n<li>student\u016fm d\u00e1lkov\u00e9\/kombinovan\u00e9 formy zajist\u00edme zprost\u0159edkov\u00e1n\u00ed ALIVE karty, kter\u00e1 umo\u017e\u0148uje vyu\u017e\u00edvat studentsk\u00e9 v\u00fdhody, nap\u0159. stravov\u00e1n\u00ed, cestov\u00e1n\u00ed, poji\u0161t\u011bn\u00ed, slevy v obchodech a to v r\u00e1mci cel\u00e9 Evropy<\/li>\n<\/ul>\n<\/li>\n<\/ol>\n<table id=\"table1\" class=\"MsoTableGrid\" style=\"width: 479.4pt; border-collapse: collapse;\" border=\"1\" width=\"639\" cellspacing=\"0\" cellpadding=\"0\"><\/table>\n","protected":false},"excerpt":{"rendered":"<p>CHARAKTERISTIKA OBORU Vzd\u011bl\u00e1vac\u00ed program KKOV 75-31\/N03\u00a0 P\u0159ed\u0161koln\u00ed a mimo\u0161koln\u00ed pedagogika Obor vzd\u011bl\u00e1n\u00ed KKOV 75-31\/N\u00a0 P\u0159ed\u0161koln\u00ed a mimo\u0161koln\u00ed pedagogika Vzd\u011bl\u00e1v\u00e1n\u00ed vy\u0161\u0161\u00ed odborn\u00e9 t\u0159\u00edlet\u00e9 pro absolventy st\u0159edn\u00ed \u0161koly s maturitn\u00ed zkou\u0161kou Zakon\u010den\u00ed absolutorium Vzd\u011bl\u00e1n\u00ed vy\u0161\u0161\u00ed odborn\u00e9 Titul Diplomovan\u00fd specialista v p\u0159ed\u0161koln\u00ed a <a href=\"https:\/\/www.vos-sosmost.cz\/index.php\/vyssi-odborna-skola\/uchazec\/predskolni-a-mimoskolni-pedagogika-dalkova-forma\/\" class=\"read-more\">Read More &#8230;<\/a><\/p>\n","protected":false},"author":2,"featured_media":0,"parent":2336,"menu_order":0,"comment_status":"closed","ping_status":"closed","template":"","meta":{"ngg_post_thumbnail":0,"footnotes":""},"class_list":["post-6895","page","type-page","status-publish","hentry"],"_links":{"self":[{"href":"https:\/\/www.vos-sosmost.cz\/index.php\/wp-json\/wp\/v2\/pages\/6895","targetHints":{"allow":["GET"]}}],"collection":[{"href":"https:\/\/www.vos-sosmost.cz\/index.php\/wp-json\/wp\/v2\/pages"}],"about":[{"href":"https:\/\/www.vos-sosmost.cz\/index.php\/wp-json\/wp\/v2\/types\/page"}],"author":[{"embeddable":true,"href":"https:\/\/www.vos-sosmost.cz\/index.php\/wp-json\/wp\/v2\/users\/2"}],"replies":[{"embeddable":true,"href":"https:\/\/www.vos-sosmost.cz\/index.php\/wp-json\/wp\/v2\/comments?post=6895"}],"version-history":[{"count":10,"href":"https:\/\/www.vos-sosmost.cz\/index.php\/wp-json\/wp\/v2\/pages\/6895\/revisions"}],"predecessor-version":[{"id":9050,"href":"https:\/\/www.vos-sosmost.cz\/index.php\/wp-json\/wp\/v2\/pages\/6895\/revisions\/9050"}],"up":[{"embeddable":true,"href":"https:\/\/www.vos-sosmost.cz\/index.php\/wp-json\/wp\/v2\/pages\/2336"}],"wp:attachment":[{"href":"https:\/\/www.vos-sosmost.cz\/index.php\/wp-json\/wp\/v2\/media?parent=6895"}],"curies":[{"name":"wp","href":"https:\/\/api.w.org\/{rel}","templated":true}]}}