{"id":6302,"date":"2024-07-26T14:51:06","date_gmt":"2024-07-26T12:51:06","guid":{"rendered":"https:\/\/www.vos-sosmost.cz\/?page_id=6302"},"modified":"2025-12-16T09:26:06","modified_gmt":"2025-12-16T08:26:06","slug":"aktualni-ucebni-plany-vos-pro-skolni-rok-2024-2025","status":"publish","type":"page","link":"https:\/\/www.vos-sosmost.cz\/index.php\/aktualni-ucebni-plany-vos-pro-skolni-rok-2024-2025\/","title":{"rendered":"Vzd\u011bl\u00e1vac\u00ed programy a u\u010debn\u00ed pl\u00e1ny pro \u0161koln\u00ed rok 2025\/2026"},"content":{"rendered":"<p><strong>Soci\u00e1ln\u011b pr\u00e1vn\u00ed \u010dinnost<\/strong><\/p>\n<ul style=\"list-style-type: square;\">\n<li>denn\u00ed forma 1.-3. ro\u010dn\u00edk <a href=\"\/vos\/studium\/plan_spc_denni_2023.pdf\" target=\"_blank\" rel=\"noopener\">(u\u010debn\u00ed pl\u00e1n<\/a>, <a href=\"\/vos\/studium\/akreditace_spc_denni_dalkova_1_2_3.pdf\">vzd\u011bl\u00e1vac\u00ed program<\/a>)<\/li>\n<li>d\u00e1lkov\u00e1 forma 1.-3. ro\u010dn\u00edk <a href=\"\/vos\/studium\/plan_spc_dalkova_2023.pdf\" target=\"_blank\" rel=\"noopener\">(u\u010debn\u00ed pl\u00e1n<\/a>, <a href=\"\/vos\/studium\/akreditace_spc_denni_dalkova_1_2_3.pdf\">vzd\u011bl\u00e1vac\u00ed program<\/a>)<\/li>\n<\/ul>\n<p><strong>Firemn\u00ed ekonomika<\/strong><\/p>\n<ul>\n<li>denn\u00ed forma 1.-3. ro\u010dn\u00edk&nbsp;(<a href=\"\/vos\/studium\/plan_fek_denni_1rocnik_2022.pdf\">u\u010debn\u00ed pl\u00e1n<\/a>, <a href=\"\/vos\/studium\/akreditace_fek_denni_kombi_1_2_3.pdf\">vzd\u011bl\u00e1vac\u00ed program<\/a>)<\/li>\n<li>d\u00e1lkov\u00e1 forma 1.-3. ro\u010dn\u00edk (<a href=\"\/vos\/studium\/plan_fek_dalkova_1rocnik_2022.pdf\">u\u010debn\u00ed pl\u00e1n<\/a>, <a href=\"\/vos\/studium\/akreditace_fek_denni_kombi_1_2_3.pdf\">vzd\u011bl\u00e1vac\u00ed program<\/a>)<\/li>\n<\/ul>\n<p><strong>Pr\u00e1vn\u00ed asistence<\/strong><\/p>\n<ul>\n<li>denn\u00ed forma 1.-3. ro\u010dn\u00edk&nbsp;(<a href=\"\/vos\/studium\/plan_pra_denni_1rocnik_2022.pdf\">u\u010debn\u00ed pl\u00e1n<\/a>, <a href=\"\/vos\/studium\/akreditace_pra_denni_kombi_1_2_3.pdf\">vzd\u011bl\u00e1vac\u00ed program<\/a>)<\/li>\n<li>d\u00e1lkov\u00e1 forma 1.-3. ro\u010dn\u00edk&nbsp;(<a href=\"\/vos\/studium\/plan_pra_dalkova_1rocnik_2022.pdf\">u\u010debn\u00ed pl\u00e1n<\/a>, <a href=\"\/vos\/studium\/akreditace_pra_denni_kombi_1_2_3.pdf\">vzd\u011bl\u00e1vac\u00ed program<\/a>)<\/li>\n<\/ul>\n<p><strong>P\u0159ed\u0161koln\u00ed a mimo\u0161koln\u00ed pedagogika<\/strong><\/p>\n<ul>\n<li>denn\u00ed forma 1. ro\u010dn\u00edk (<a href=\"\/vos\/studium\/plan_pmp_denni_2025.pdf\">u\u010debn\u00ed pl\u00e1n<\/a>, <a href=\"\/vos\/studium\/akreditace_pmp_denni_1.pdf\">vzd\u011bl\u00e1vac\u00ed program<\/a>)<\/li>\n<li>denn\u00ed forma 2.-3. ro\u010dn\u00edk (<a href=\"\/vos\/studium\/plan_pmp_denni_2022.pdf\">u\u010debn\u00ed pl\u00e1n<\/a>, <a href=\"\/vos\/studium\/akreditace_pmp_denni_dalkova_2_3.pdf\">vzd\u011bl\u00e1vac\u00ed program<\/a>)<\/li>\n<li>d\u00e1lkov\u00e1 forma 1. ro\u010dn\u00edk (<a href=\"\/vos\/studium\/plan_pmp_dalkova_2025.pdf\">u\u010debn\u00ed pl\u00e1n<\/a>, <a href=\"\/vos\/studium\/akreditace_pmp_dalkova_1.pdf\">vzd\u011bl\u00e1vac\u00ed program<\/a>)<\/li>\n<li>d\u00e1lkov\u00e1 forma 2.-3. ro\u010dn\u00edk (<a href=\"\/vos\/studium\/plan_pmp_dalkova_2022.pdf\">u\u010debn\u00ed pl\u00e1n<\/a>, <a href=\"\/vos\/studium\/akreditace_pmp_denni_dalkova_2_3.pdf\">vzd\u011bl\u00e1vac\u00ed program<\/a>)<\/li>\n<\/ul>\n<p><strong>Diplomovan\u00e1 v\u0161eobecn\u00e1 sestra<\/strong><\/p>\n<ul>\n<li>denn\u00ed forma 1. ro\u010dn\u00edk (<a href=\"\/vos\/studium\/plan_dvs_denni_2025.pdf\">u\u010debn\u00ed pl\u00e1n<\/a>, <a href=\"\/vos\/studium\/akreditace_dvs_denni_1.pdf\">vzd\u011bl\u00e1vac\u00ed program<\/a>)<\/li>\n<li>denn\u00ed forma 2.-3. ro\u010dn\u00edk (<a href=\"\/vos\/studium\/plan_dvs_denni_2022.pdf\">u\u010debn\u00ed pl\u00e1n<\/a>, <a href=\"\/vos\/studium\/akreditace_dvs_denni_2_3.pdf\">vzd\u011bl\u00e1vac\u00ed program<\/a>)<\/li>\n<li>kombinovan\u00e1 forma 1. ro\u010dn\u00edk (<a href=\"\/vos\/studium\/plan_dvs_kombinovana_2025.pdf\">u\u010debn\u00ed pl\u00e1n<\/a>, <a href=\"\/vos\/studium\/akreditace_dvs_kombi_1.pdf\">vzd\u011bl\u00e1vac\u00ed program<\/a>)<\/li>\n<li>kombinovan\u00e1 forma 2.-4. ro\u010dn\u00edk (<a href=\"\/vos\/studium\/plan_dvs_kombinovana_2022.pdf\">u\u010debn\u00ed pl\u00e1n<\/a>, <a href=\"\/vos\/studium\/akreditace_dvs_kombi_2_3.pdf\">vzd\u011bl\u00e1vac\u00ed program<\/a>)<\/li>\n<\/ul>\n<p><strong>Diplomovan\u00e1 d\u011btsk\u00e1 sestra<\/strong><\/p>\n<ul>\n<li>denn\u00ed forma 1. ro\u010dn\u00edk (u\u010debn\u00ed pl\u00e1n, <a href=\"\/vos\/studium\/akreditace_dds_denni_1.pdf\">vzd\u011bl\u00e1vac\u00ed program<\/a>)<\/li>\n<li>denn\u00ed forma 2.-3. ro\u010dn\u00edk (<a href=\"\/vos\/studium\/plan_dds_denni_2022.pdf\">u\u010debn\u00ed pl\u00e1n<\/a>, <a href=\"\/vos\/studium\/akreditace_dds_denni_2_3.pdf\">vzd\u011bl\u00e1vac\u00ed program<\/a>)<\/li>\n<li>kombinovan\u00e1 forma 1. ro\u010dn\u00edk (u\u010debn\u00ed pl\u00e1n, <a href=\"\/vos\/studium\/akreditace_dds_kombi_1.pdf\">vzd\u011bl\u00e1vac\u00ed program<\/a>)<\/li>\n<li>kombinovan\u00e1 forma 2.-3. ro\u010dn\u00edk (<a href=\"\/vos\/studium\/plan_dds_kombinovana_2022.pdf\">u\u010debn\u00ed pl\u00e1n<\/a>, <a href=\"\/vos\/studium\/akreditace_dds_kombi_2_3.pdf\">vzd\u011bl\u00e1vac\u00ed program<\/a>)<\/li>\n<\/ul>\n<p><strong>Diplomovan\u00fd nutri\u010dn\u00ed terapeut<\/strong><\/p>\n<ul>\n<li>denn\u00ed forma 1.-3. ro\u010dn\u00edk (<a href=\"\/vos\/studium\/plan_dnt_denni_2023.pdf\">u\u010debn\u00ed pl\u00e1n<\/a>, <a href=\"\/vos\/studium\/akreditace_dnt_denni_1_2_3.pdf\">vzd\u011bl\u00e1vac\u00ed program<\/a>)<\/li>\n<li>kombinovan\u00e1 forma 1.-3. ro\u010dn\u00edk (<a href=\"\/vos\/studium\/plan_dnt_kombinovana_2023.pdf\">u\u010debn\u00ed pl\u00e1n<\/a>, <a href=\"\/vos\/studium\/akreditace_dnt_kombi_1_2_3.pdf\">vzd\u011bl\u00e1vac\u00ed program<\/a>)<\/li>\n<\/ul>\n","protected":false},"excerpt":{"rendered":"<p>Soci\u00e1ln\u011b pr\u00e1vn\u00ed \u010dinnost denn\u00ed forma 1.-3. ro\u010dn\u00edk (u\u010debn\u00ed pl\u00e1n, vzd\u011bl\u00e1vac\u00ed program) d\u00e1lkov\u00e1 forma 1.-3. ro\u010dn\u00edk (u\u010debn\u00ed pl\u00e1n, vzd\u011bl\u00e1vac\u00ed program) Firemn\u00ed ekonomika denn\u00ed forma 1.-3. ro\u010dn\u00edk&nbsp;(u\u010debn\u00ed pl\u00e1n, vzd\u011bl\u00e1vac\u00ed program) d\u00e1lkov\u00e1 forma 1.-3. ro\u010dn\u00edk (u\u010debn\u00ed pl\u00e1n, vzd\u011bl\u00e1vac\u00ed program) Pr\u00e1vn\u00ed asistence denn\u00ed forma <a href=\"https:\/\/www.vos-sosmost.cz\/index.php\/aktualni-ucebni-plany-vos-pro-skolni-rok-2024-2025\/\" class=\"read-more\">Read More &#8230;<\/a><\/p>\n","protected":false},"author":2,"featured_media":0,"parent":0,"menu_order":0,"comment_status":"closed","ping_status":"closed","template":"","meta":{"ngg_post_thumbnail":0,"footnotes":""},"class_list":["post-6302","page","type-page","status-publish","hentry"],"_links":{"self":[{"href":"https:\/\/www.vos-sosmost.cz\/index.php\/wp-json\/wp\/v2\/pages\/6302","targetHints":{"allow":["GET"]}}],"collection":[{"href":"https:\/\/www.vos-sosmost.cz\/index.php\/wp-json\/wp\/v2\/pages"}],"about":[{"href":"https:\/\/www.vos-sosmost.cz\/index.php\/wp-json\/wp\/v2\/types\/page"}],"author":[{"embeddable":true,"href":"https:\/\/www.vos-sosmost.cz\/index.php\/wp-json\/wp\/v2\/users\/2"}],"replies":[{"embeddable":true,"href":"https:\/\/www.vos-sosmost.cz\/index.php\/wp-json\/wp\/v2\/comments?post=6302"}],"version-history":[{"count":27,"href":"https:\/\/www.vos-sosmost.cz\/index.php\/wp-json\/wp\/v2\/pages\/6302\/revisions"}],"predecessor-version":[{"id":9133,"href":"https:\/\/www.vos-sosmost.cz\/index.php\/wp-json\/wp\/v2\/pages\/6302\/revisions\/9133"}],"wp:attachment":[{"href":"https:\/\/www.vos-sosmost.cz\/index.php\/wp-json\/wp\/v2\/media?parent=6302"}],"curies":[{"name":"wp","href":"https:\/\/api.w.org\/{rel}","templated":true}]}}