{"id":553,"date":"2018-02-11T10:27:04","date_gmt":"2018-02-11T09:27:04","guid":{"rendered":"https:\/\/www.vos-sosmost.cz\/?page_id=553"},"modified":"2023-11-06T08:05:05","modified_gmt":"2023-11-06T07:05:05","slug":"studentske-vyhody","status":"publish","type":"page","link":"https:\/\/www.vos-sosmost.cz\/index.php\/o-skole\/studentske-vyhody\/","title":{"rendered":"Studentsk\u00e9 v\u00fdhody"},"content":{"rendered":"<p><img loading=\"lazy\" decoding=\"async\" class=\"aligncenter\" src=\"https:\/\/www.dzs.cz\/sites\/default\/files\/inline-images\/Erasmus_EU_emblem_with_tagline-pos-CS.png\" alt=\"Erasmus+\" width=\"327\" height=\"132\"><\/p>\n<p>Od roku 2023 do roku 2024 jsou v r\u00e1mci projektu<strong> 2023-1-CZ01-KA121-VET-000126263<\/strong>&nbsp;realizov\u00e1ny mobility student\u016f, st\u00e1\u017ee u\u010ditel\u016f a p\u0159edn\u00e1\u0161ky zahrani\u010dn\u00edch odborn\u00edk\u016f pro studenty.<\/p>\n<p>\u0160kola je na programov\u00e9 obdob\u00ed 2021-2027 dr\u017eitelem akreditace&nbsp;<strong>2020-1-CZ01-KA120-VET-094183<\/strong><\/p>\n<p>\u0160kola spolupracuje s \u0159adou instituc\u00ed a \u0161kol v t\u011bchto zem\u00edch Evropy: Nizozemsko, Irsko, N\u011bmecko, Litva, Francie, \u0160pan\u011blsko, Malta, Island, Norsko.<\/p>\n<p>V\u00edce informac\u00ed o projektu, v\u010detn\u011b p\u0159\u00edsp\u011bvk\u016f na\u0161ich student\u016f naleznete na na\u0161em&nbsp;<strong><a href=\"http:\/\/erasmus.vos-sosmost.cz\/\">blogu<\/a><\/strong>.<\/p>\n<p><img loading=\"lazy\" decoding=\"async\" class=\"size-medium wp-image-556 aligncenter\" src=\"https:\/\/www.vos-sosmost.cz\/wp-content\/uploads\/2018\/02\/office_3651-300x200.jpg\" alt=\"\" width=\"300\" height=\"200\" srcset=\"https:\/\/www.vos-sosmost.cz\/wp-content\/uploads\/2018\/02\/office_3651-300x200.jpg 300w, https:\/\/www.vos-sosmost.cz\/wp-content\/uploads\/2018\/02\/office_3651-360x240.jpg 360w, https:\/\/www.vos-sosmost.cz\/wp-content\/uploads\/2018\/02\/office_3651.jpg 576w\" sizes=\"auto, (max-width: 300px) 100vw, 300px\" \/><\/p>\n<p>Ka\u017ed\u00fd \u017e\u00e1k z\u00edsk\u00e1 po dobu studia licenci Microsoft Office k dom\u00e1c\u00edmu vyu\u017eit\u00ed zdarma.<\/p>\n<p><img loading=\"lazy\" decoding=\"async\" class=\" wp-image-557 aligncenter\" src=\"https:\/\/www.vos-sosmost.cz\/wp-content\/uploads\/2018\/02\/ISIC_globe-NEW-20141-300x300.png\" alt=\"\" width=\"179\" height=\"179\" srcset=\"https:\/\/www.vos-sosmost.cz\/wp-content\/uploads\/2018\/02\/ISIC_globe-NEW-20141-300x300.png 300w, https:\/\/www.vos-sosmost.cz\/wp-content\/uploads\/2018\/02\/ISIC_globe-NEW-20141-150x150.png 150w, https:\/\/www.vos-sosmost.cz\/wp-content\/uploads\/2018\/02\/ISIC_globe-NEW-20141-270x270.png 270w, https:\/\/www.vos-sosmost.cz\/wp-content\/uploads\/2018\/02\/ISIC_globe-NEW-20141.png 706w\" sizes=\"auto, (max-width: 179px) 100vw, 179px\" \/><\/p>\n<p>\u017d\u00e1k\u016fm zajist\u00edme zprost\u0159edkov\u00e1n\u00ed ISIC karty, kter\u00e1 umo\u017e\u0148uje vyu\u017e\u00edvat studentsk\u00e9 v\u00fdhody, nap\u0159. stravov\u00e1n\u00ed, cestov\u00e1n\u00ed, poji\u0161t\u011bn\u00ed, slevy v obchodech v r\u00e1mci cel\u00e9 Evropy.<\/p>\n","protected":false},"excerpt":{"rendered":"<p>Od roku 2023 do roku 2024 jsou v r\u00e1mci projektu 2023-1-CZ01-KA121-VET-000126263&nbsp;realizov\u00e1ny mobility student\u016f, st\u00e1\u017ee u\u010ditel\u016f a p\u0159edn\u00e1\u0161ky zahrani\u010dn\u00edch odborn\u00edk\u016f pro studenty. \u0160kola je na programov\u00e9 obdob\u00ed 2021-2027 dr\u017eitelem akreditace&nbsp;2020-1-CZ01-KA120-VET-094183 \u0160kola spolupracuje s \u0159adou instituc\u00ed a \u0161kol v t\u011bchto zem\u00edch Evropy: <a href=\"https:\/\/www.vos-sosmost.cz\/index.php\/o-skole\/studentske-vyhody\/\" class=\"read-more\">Read More &#8230;<\/a><\/p>\n","protected":false},"author":1,"featured_media":0,"parent":353,"menu_order":0,"comment_status":"closed","ping_status":"closed","template":"","meta":{"ngg_post_thumbnail":0,"footnotes":""},"class_list":["post-553","page","type-page","status-publish","hentry"],"_links":{"self":[{"href":"https:\/\/www.vos-sosmost.cz\/index.php\/wp-json\/wp\/v2\/pages\/553","targetHints":{"allow":["GET"]}}],"collection":[{"href":"https:\/\/www.vos-sosmost.cz\/index.php\/wp-json\/wp\/v2\/pages"}],"about":[{"href":"https:\/\/www.vos-sosmost.cz\/index.php\/wp-json\/wp\/v2\/types\/page"}],"author":[{"embeddable":true,"href":"https:\/\/www.vos-sosmost.cz\/index.php\/wp-json\/wp\/v2\/users\/1"}],"replies":[{"embeddable":true,"href":"https:\/\/www.vos-sosmost.cz\/index.php\/wp-json\/wp\/v2\/comments?post=553"}],"version-history":[{"count":7,"href":"https:\/\/www.vos-sosmost.cz\/index.php\/wp-json\/wp\/v2\/pages\/553\/revisions"}],"predecessor-version":[{"id":7603,"href":"https:\/\/www.vos-sosmost.cz\/index.php\/wp-json\/wp\/v2\/pages\/553\/revisions\/7603"}],"up":[{"embeddable":true,"href":"https:\/\/www.vos-sosmost.cz\/index.php\/wp-json\/wp\/v2\/pages\/353"}],"wp:attachment":[{"href":"https:\/\/www.vos-sosmost.cz\/index.php\/wp-json\/wp\/v2\/media?parent=553"}],"curies":[{"name":"wp","href":"https:\/\/api.w.org\/{rel}","templated":true}]}}