{"id":4856,"date":"2020-11-02T08:44:24","date_gmt":"2020-11-02T07:44:24","guid":{"rendered":"https:\/\/www.vos-sosmost.cz\/?page_id=4856"},"modified":"2021-01-12T10:19:36","modified_gmt":"2021-01-12T09:19:36","slug":"proc-si-vybrat-obchodni-akademii","status":"publish","type":"page","link":"https:\/\/www.vos-sosmost.cz\/index.php\/proc-si-vybrat-obchodni-akademii\/","title":{"rendered":"Pro\u010d si vybrat Obchodn\u00ed akademii"},"content":{"rendered":"<p style=\"text-align: center;\">Na Obchodn\u00ed akademii si m\u016f\u017ee\u0161 vybrat ze dvou maturitn\u00edch obor\u016f. <span style=\"color: #003366;\"><strong><a style=\"color: #003366;\" href=\"https:\/\/www.vos-sosmost.cz\/sos\/studium\/oa.pdf\">Obchodn\u00ed akademii<\/a><\/strong><\/span> nebo <span style=\"color: #003366;\"><strong><a style=\"color: #003366;\" href=\"https:\/\/www.vos-sosmost.cz\/sos\/studium\/el.pdf\">Ekonomick\u00e9 lyceum<\/a><\/strong><\/span>.<\/p>\n<p style=\"text-align: center;\"><span style=\"font-size: 14pt; color: #333399;\"><em><strong>P\u0159ij\u00edmac\u00ed \u0159\u00edzen\u00ed<\/strong><\/em><\/span><\/p>\n<p>P\u0159ihl\u00e1\u0161ku ke studiu naleznete ke sta\u017een\u00ed <span style=\"color: #333399;\"><strong><a style=\"color: #333399;\" href=\"https:\/\/www.vos-sosmost.cz\/index.php\/stredni-odborna-skola\/uchazec\/prihlaska-ke-studiu\/\">zde<\/a><\/strong><\/span><\/p>\n<p>Ve\u0161ker\u00e9 informace ohledn\u011b p\u0159ij\u00edmac\u00edho \u0159\u00edzen\u00ed, v\u010detn\u011b term\u00ednu pod\u00e1n\u00ed p\u0159ihl\u00e1\u0161ky a podm\u00ednek p\u0159ijet\u00ed naleznete <span style=\"color: #333399;\"><strong><a style=\"color: #333399;\" href=\"https:\/\/www.vos-sosmost.cz\/index.php\/stredni-odborna-skola\/uchazec\/informace-k-prijimacimu-rizeni\/\">zde<\/a><\/strong><\/span><\/p>\n<table style=\"height: 211px; width: 100%; border-collapse: collapse; border-style: solid; border-color: #ffffff;\">\n<tbody>\n<tr style=\"height: 211px;\">\n<td style=\"width: 33.3333%; height: 211px;\"><img loading=\"lazy\" decoding=\"async\" class=\"wp-image-4891 size-medium aligncenter\" src=\"https:\/\/www.vos-sosmost.cz\/wp-content\/uploads\/2020\/11\/PB060009-300x200.jpg\" alt=\"\" width=\"300\" height=\"200\" srcset=\"https:\/\/www.vos-sosmost.cz\/wp-content\/uploads\/2020\/11\/PB060009-300x200.jpg 300w, https:\/\/www.vos-sosmost.cz\/wp-content\/uploads\/2020\/11\/PB060009-768x512.jpg 768w, https:\/\/www.vos-sosmost.cz\/wp-content\/uploads\/2020\/11\/PB060009-360x240.jpg 360w, https:\/\/www.vos-sosmost.cz\/wp-content\/uploads\/2020\/11\/PB060009-24x16.jpg 24w, https:\/\/www.vos-sosmost.cz\/wp-content\/uploads\/2020\/11\/PB060009-36x24.jpg 36w, https:\/\/www.vos-sosmost.cz\/wp-content\/uploads\/2020\/11\/PB060009-48x32.jpg 48w, https:\/\/www.vos-sosmost.cz\/wp-content\/uploads\/2020\/11\/PB060009.jpg 800w\" sizes=\"auto, (max-width: 300px) 100vw, 300px\" \/><\/td>\n<td style=\"width: 33.3333%; height: 211px;\"><img loading=\"lazy\" decoding=\"async\" class=\"wp-image-4892 size-medium aligncenter\" src=\"https:\/\/www.vos-sosmost.cz\/wp-content\/uploads\/2020\/11\/PB060017-300x200.jpg\" alt=\"\" width=\"300\" height=\"200\" srcset=\"https:\/\/www.vos-sosmost.cz\/wp-content\/uploads\/2020\/11\/PB060017-300x200.jpg 300w, https:\/\/www.vos-sosmost.cz\/wp-content\/uploads\/2020\/11\/PB060017-768x512.jpg 768w, https:\/\/www.vos-sosmost.cz\/wp-content\/uploads\/2020\/11\/PB060017-360x240.jpg 360w, https:\/\/www.vos-sosmost.cz\/wp-content\/uploads\/2020\/11\/PB060017-24x16.jpg 24w, https:\/\/www.vos-sosmost.cz\/wp-content\/uploads\/2020\/11\/PB060017-36x24.jpg 36w, https:\/\/www.vos-sosmost.cz\/wp-content\/uploads\/2020\/11\/PB060017-48x32.jpg 48w, https:\/\/www.vos-sosmost.cz\/wp-content\/uploads\/2020\/11\/PB060017.jpg 800w\" sizes=\"auto, (max-width: 300px) 100vw, 300px\" \/><\/td>\n<td style=\"width: 33.3333%; height: 211px;\"><img loading=\"lazy\" decoding=\"async\" class=\"wp-image-4893 size-medium aligncenter\" src=\"https:\/\/www.vos-sosmost.cz\/wp-content\/uploads\/2020\/11\/PB060023-300x200.jpg\" alt=\"\" width=\"300\" height=\"200\" srcset=\"https:\/\/www.vos-sosmost.cz\/wp-content\/uploads\/2020\/11\/PB060023-300x200.jpg 300w, https:\/\/www.vos-sosmost.cz\/wp-content\/uploads\/2020\/11\/PB060023-768x512.jpg 768w, https:\/\/www.vos-sosmost.cz\/wp-content\/uploads\/2020\/11\/PB060023-360x240.jpg 360w, https:\/\/www.vos-sosmost.cz\/wp-content\/uploads\/2020\/11\/PB060023-24x16.jpg 24w, https:\/\/www.vos-sosmost.cz\/wp-content\/uploads\/2020\/11\/PB060023-36x24.jpg 36w, https:\/\/www.vos-sosmost.cz\/wp-content\/uploads\/2020\/11\/PB060023-48x32.jpg 48w, https:\/\/www.vos-sosmost.cz\/wp-content\/uploads\/2020\/11\/PB060023.jpg 800w\" sizes=\"auto, (max-width: 300px) 100vw, 300px\" \/><\/td>\n<\/tr>\n<\/tbody>\n<\/table>\n<p style=\"text-align: center;\"><span style=\"font-size: 14pt; color: #333399;\"><em><strong>Jak se s n\u00e1mi setkat a vid\u011bt v\u0161e co V\u00e1s zaj\u00edm\u00e1 na vlastn\u00ed o\u010di?<\/strong><\/em><\/span><\/p>\n<p><strong>Dny otev\u0159en\u00fdch dve\u0159\u00ed<\/strong><\/p>\n<p>Na\u0161e \u0161kola nechce sv\u00e9 z\u00e1jemce ochudit o Dny otev\u0159en\u00fdch dve\u0159\u00ed. Bohu\u017eel na z\u00e1klad\u011b celosv\u011btov\u00e9 situace jsme nuceni tradi\u010dn\u00ed formu t\u00e9to akce upravit. Ve dnech&nbsp;<strong>11. 1. 2021 a 27. 1. 2021<\/strong> (p\u0159esun z 20. 1.) si je mo\u017en\u00e9 pouze vyzvednout informa\u010dn\u00ed let\u00e1ky ve vstupn\u00edch hal\u00e1ch \u0161kol, dozv\u011bd\u011bt se v\u0161e co V\u00e1s zaj\u00edm\u00e1 a polo\u017eit p\u0159\u00edpadn\u00fd dotaz b\u011bhem \u017eiv\u00e9ho streamu na <strong><a href=\"https:\/\/www.youtube.com\/channel\/UCR1Y51BncPwn_9NkvfTD6cA?fbclid=IwAR1dz95q1X_r5Jn8vsWUuxyabZ0e6MNzT2y1z8zSK0MtAHBB-ikL1FM8sV8\">t\u00e9to adrese<\/a> <\/strong>nebo zavolat mezi 15:00 a 18:00 na\u0161emu veden\u00ed \u0161koly a zeptat se na v\u0161e, na co jste nena\u0161li odpov\u011b\u010f. V\u00edce informac\u00ed a telefonn\u00ed \u010d\u00edsla naleznete na <strong><a href=\"https:\/\/www.vos-sosmost.cz\/index.php\/stredni-odborna-skola\/uchazec\/dny-otevrenych-dveri-sos\/\">t\u00e9to adrese<\/a><\/strong>.<\/p>\n<p><strong>St\u0159edo\u0161kol\u00e1k na zkou\u0161ku<\/strong><\/p>\n<p>Co nejd\u0159\u00edve V\u00e1m p\u0159ineseme informace ohledn\u011b t\u00e9to akce, kterou jsme byli nuceni z d\u016fvodu v\u00fdvoje pandemick\u00e9 situace p\u0159eorganizovat.<\/p>\n<table style=\"width: 100%; border-collapse: collapse; border-style: solid; border-color: #ffffff;\">\n<tbody>\n<tr>\n<td style=\"width: 33.3333%;\"><img loading=\"lazy\" decoding=\"async\" class=\"wp-image-4894 size-medium aligncenter\" src=\"https:\/\/www.vos-sosmost.cz\/wp-content\/uploads\/2020\/11\/IMG_20180614_113829-300x169.jpg\" alt=\"\" width=\"300\" height=\"169\" srcset=\"https:\/\/www.vos-sosmost.cz\/wp-content\/uploads\/2020\/11\/IMG_20180614_113829-300x169.jpg 300w, https:\/\/www.vos-sosmost.cz\/wp-content\/uploads\/2020\/11\/IMG_20180614_113829-768x433.jpg 768w, https:\/\/www.vos-sosmost.cz\/wp-content\/uploads\/2020\/11\/IMG_20180614_113829-360x203.jpg 360w, https:\/\/www.vos-sosmost.cz\/wp-content\/uploads\/2020\/11\/IMG_20180614_113829-24x14.jpg 24w, https:\/\/www.vos-sosmost.cz\/wp-content\/uploads\/2020\/11\/IMG_20180614_113829-36x20.jpg 36w, https:\/\/www.vos-sosmost.cz\/wp-content\/uploads\/2020\/11\/IMG_20180614_113829-48x27.jpg 48w, https:\/\/www.vos-sosmost.cz\/wp-content\/uploads\/2020\/11\/IMG_20180614_113829.jpg 800w\" sizes=\"auto, (max-width: 300px) 100vw, 300px\" \/><\/td>\n<td style=\"width: 33.3333%;\"><img loading=\"lazy\" decoding=\"async\" class=\"wp-image-4895 size-medium aligncenter\" src=\"https:\/\/www.vos-sosmost.cz\/wp-content\/uploads\/2020\/11\/IMG_20180625_090532-300x169.jpg\" alt=\"\" width=\"300\" height=\"169\" srcset=\"https:\/\/www.vos-sosmost.cz\/wp-content\/uploads\/2020\/11\/IMG_20180625_090532-300x169.jpg 300w, https:\/\/www.vos-sosmost.cz\/wp-content\/uploads\/2020\/11\/IMG_20180625_090532-768x433.jpg 768w, https:\/\/www.vos-sosmost.cz\/wp-content\/uploads\/2020\/11\/IMG_20180625_090532-360x203.jpg 360w, https:\/\/www.vos-sosmost.cz\/wp-content\/uploads\/2020\/11\/IMG_20180625_090532-24x14.jpg 24w, https:\/\/www.vos-sosmost.cz\/wp-content\/uploads\/2020\/11\/IMG_20180625_090532-36x20.jpg 36w, https:\/\/www.vos-sosmost.cz\/wp-content\/uploads\/2020\/11\/IMG_20180625_090532-48x27.jpg 48w, https:\/\/www.vos-sosmost.cz\/wp-content\/uploads\/2020\/11\/IMG_20180625_090532.jpg 800w\" sizes=\"auto, (max-width: 300px) 100vw, 300px\" \/><\/td>\n<td style=\"width: 33.3333%;\"><img loading=\"lazy\" decoding=\"async\" class=\"wp-image-4896 size-medium aligncenter\" src=\"https:\/\/www.vos-sosmost.cz\/wp-content\/uploads\/2020\/11\/IMG_20180625_113941-300x169.jpg\" alt=\"\" width=\"300\" height=\"169\" srcset=\"https:\/\/www.vos-sosmost.cz\/wp-content\/uploads\/2020\/11\/IMG_20180625_113941-300x169.jpg 300w, https:\/\/www.vos-sosmost.cz\/wp-content\/uploads\/2020\/11\/IMG_20180625_113941-768x433.jpg 768w, https:\/\/www.vos-sosmost.cz\/wp-content\/uploads\/2020\/11\/IMG_20180625_113941-360x203.jpg 360w, https:\/\/www.vos-sosmost.cz\/wp-content\/uploads\/2020\/11\/IMG_20180625_113941-24x14.jpg 24w, https:\/\/www.vos-sosmost.cz\/wp-content\/uploads\/2020\/11\/IMG_20180625_113941-36x20.jpg 36w, https:\/\/www.vos-sosmost.cz\/wp-content\/uploads\/2020\/11\/IMG_20180625_113941-48x27.jpg 48w, https:\/\/www.vos-sosmost.cz\/wp-content\/uploads\/2020\/11\/IMG_20180625_113941.jpg 800w\" sizes=\"auto, (max-width: 300px) 100vw, 300px\" \/><\/td>\n<\/tr>\n<\/tbody>\n<\/table>\n<p style=\"text-align: center;\"><span style=\"font-size: 14pt; color: #333399;\"><em><strong>Studentsk\u00e9 v\u00fdhody<\/strong><\/em><\/span><\/p>\n<p>Po\u0159\u00e1d se nem\u016f\u017ee\u0161 rozhodnout? A co p\u00e1r v\u00fdhod, kter\u00e9 jako \u017e\u00e1k\/\u017e\u00e1kyn\u011b na\u0161\u00ed \u0161koly z\u00edsk\u00e1\u0161?<\/p>\n<table style=\"border-collapse: collapse; width: 100%;\">\n<tbody>\n<tr>\n<td style=\"width: 50%;\">V prvn\u00ed \u0159ad\u011b m\u00e1\u0161 mo\u017enost si u n\u00e1s za\u0159\u00eddit ISIC kartu, neboli pr\u016fkaz studenta. Ta umo\u017e\u0148uje vyu\u017e\u00edvat studentsk\u00e9 v\u00fdhody, nap\u0159. stravov\u00e1n\u00ed, cestov\u00e1n\u00ed, poji\u0161t\u011bn\u00ed, slevy v obchodech v r\u00e1mci cel\u00e9 Evropy.<\/td>\n<td style=\"width: 50%;\"><img loading=\"lazy\" decoding=\"async\" class=\"aligncenter\" src=\"https:\/\/www.vos-sosmost.cz\/wp-content\/uploads\/2018\/02\/ISIC_globe-NEW-20141-300x300.png\" alt=\"\" width=\"148\" height=\"148\"><\/td>\n<\/tr>\n<tr>\n<td style=\"width: 50%;\">D\u00e1le p\u0159i studiu z\u00edsk\u00e1\u0161 licenci pro sta\u017een\u00ed bal\u00edku s programy MS Office (Word, Excel, PowerPoint atd.) pro dom\u00e1c\u00ed vyu\u017eit\u00ed zdarma. T\u00edm u\u0161et\u0159\u00ed\u0161 n\u011bkolik tis\u00edc, jeliko\u017e se nejedn\u00e1 o levnou polo\u017eku a bez t\u011bchto program\u016f se p\u0159i studiu neobejde\u0161.<\/td>\n<td style=\"width: 50%;\"><img loading=\"lazy\" decoding=\"async\" class=\"aligncenter\" src=\"https:\/\/www.vos-sosmost.cz\/wp-content\/uploads\/2018\/02\/office_3651-300x200.jpg\" width=\"242\" height=\"161\"><\/td>\n<\/tr>\n<tr>\n<td style=\"width: 50%;\">A to nejlep\u0161\u00ed na konec. Na\u0161e \u0161kola je dlouholet\u00fdm dr\u017eitelem projektu Erasmus+. M\u00e1\u0161 tedy mo\u017enost b\u011bhem studia vycestovat do zahrani\u010d\u00ed na st\u00e1\u017e. V\u0161e hrad\u00edme my a Evropsk\u00e1 unie a p\u0159edstav si tu mo\u017enost m\u00edt po dokon\u010den\u00ed \u0161koly v \u017eivotopise i absolvov\u00e1n\u00ed zahrani\u010dn\u00ed st\u00e1\u017ee. Pokud t\u011b zaj\u00edmaj\u00ed z\u00e1\u017eitky na\u0161ich student\u016f na st\u00e1\u017e\u00edch, m\u016f\u017ee\u0161 si po\u010d\u00edst na na\u0161em blogu <strong><a href=\"http:\/\/erasmus.vos-sosmost.cz\">zde<\/a><\/strong>.<\/td>\n<td style=\"width: 50%;\"><img loading=\"lazy\" decoding=\"async\" class=\"aligncenter\" src=\"https:\/\/www.vos-sosmost.cz\/wp-content\/uploads\/2018\/02\/erasmus-300x116.png\" width=\"334\" height=\"129\"><\/td>\n<\/tr>\n<\/tbody>\n<\/table>\n<p style=\"text-align: center;\"><span style=\"color: #000080;\"><em><span style=\"font-size: 14pt;\"><strong>Pravdiv\u00e9 a unik\u00e1tn\u00ed d\u016fvody, pro\u010d si vybrat na\u0161\u00ed \u0161kolu<\/strong><\/span><\/em><\/span><\/p>\n<p><img loading=\"lazy\" decoding=\"async\" class=\"aligncenter size-full wp-image-4889\" src=\"https:\/\/www.vos-sosmost.cz\/wp-content\/uploads\/2020\/11\/vyhody.jpg\" alt=\"\" width=\"2058\" height=\"1356\" srcset=\"https:\/\/www.vos-sosmost.cz\/wp-content\/uploads\/2020\/11\/vyhody.jpg 2058w, https:\/\/www.vos-sosmost.cz\/wp-content\/uploads\/2020\/11\/vyhody-300x198.jpg 300w, https:\/\/www.vos-sosmost.cz\/wp-content\/uploads\/2020\/11\/vyhody-1024x675.jpg 1024w, https:\/\/www.vos-sosmost.cz\/wp-content\/uploads\/2020\/11\/vyhody-768x506.jpg 768w, https:\/\/www.vos-sosmost.cz\/wp-content\/uploads\/2020\/11\/vyhody-1536x1012.jpg 1536w, https:\/\/www.vos-sosmost.cz\/wp-content\/uploads\/2020\/11\/vyhody-2048x1349.jpg 2048w, https:\/\/www.vos-sosmost.cz\/wp-content\/uploads\/2020\/11\/vyhody-360x237.jpg 360w, https:\/\/www.vos-sosmost.cz\/wp-content\/uploads\/2020\/11\/vyhody-24x16.jpg 24w, https:\/\/www.vos-sosmost.cz\/wp-content\/uploads\/2020\/11\/vyhody-36x24.jpg 36w, https:\/\/www.vos-sosmost.cz\/wp-content\/uploads\/2020\/11\/vyhody-48x32.jpg 48w\" sizes=\"auto, (max-width: 2058px) 100vw, 2058px\" \/><\/p>\n","protected":false},"excerpt":{"rendered":"<p>Na Obchodn\u00ed akademii si m\u016f\u017ee\u0161 vybrat ze dvou maturitn\u00edch obor\u016f. Obchodn\u00ed akademii nebo Ekonomick\u00e9 lyceum. P\u0159ij\u00edmac\u00ed \u0159\u00edzen\u00ed P\u0159ihl\u00e1\u0161ku ke studiu naleznete ke sta\u017een\u00ed zde Ve\u0161ker\u00e9 informace ohledn\u011b p\u0159ij\u00edmac\u00edho \u0159\u00edzen\u00ed, v\u010detn\u011b term\u00ednu pod\u00e1n\u00ed p\u0159ihl\u00e1\u0161ky a podm\u00ednek p\u0159ijet\u00ed naleznete zde Jak se <a href=\"https:\/\/www.vos-sosmost.cz\/index.php\/proc-si-vybrat-obchodni-akademii\/\" class=\"read-more\">Read More &#8230;<\/a><\/p>\n","protected":false},"author":1,"featured_media":0,"parent":0,"menu_order":0,"comment_status":"closed","ping_status":"closed","template":"","meta":{"ngg_post_thumbnail":0,"footnotes":""},"class_list":["post-4856","page","type-page","status-publish","hentry"],"_links":{"self":[{"href":"https:\/\/www.vos-sosmost.cz\/index.php\/wp-json\/wp\/v2\/pages\/4856","targetHints":{"allow":["GET"]}}],"collection":[{"href":"https:\/\/www.vos-sosmost.cz\/index.php\/wp-json\/wp\/v2\/pages"}],"about":[{"href":"https:\/\/www.vos-sosmost.cz\/index.php\/wp-json\/wp\/v2\/types\/page"}],"author":[{"embeddable":true,"href":"https:\/\/www.vos-sosmost.cz\/index.php\/wp-json\/wp\/v2\/users\/1"}],"replies":[{"embeddable":true,"href":"https:\/\/www.vos-sosmost.cz\/index.php\/wp-json\/wp\/v2\/comments?post=4856"}],"version-history":[{"count":16,"href":"https:\/\/www.vos-sosmost.cz\/index.php\/wp-json\/wp\/v2\/pages\/4856\/revisions"}],"predecessor-version":[{"id":5039,"href":"https:\/\/www.vos-sosmost.cz\/index.php\/wp-json\/wp\/v2\/pages\/4856\/revisions\/5039"}],"wp:attachment":[{"href":"https:\/\/www.vos-sosmost.cz\/index.php\/wp-json\/wp\/v2\/media?parent=4856"}],"curies":[{"name":"wp","href":"https:\/\/api.w.org\/{rel}","templated":true}]}}