{"id":437,"date":"2022-05-18T09:00:14","date_gmt":"2022-05-18T07:00:14","guid":{"rendered":"https:\/\/www.vos-sosmost.cz\/?page_id=437"},"modified":"2025-12-09T14:35:52","modified_gmt":"2025-12-09T13:35:52","slug":"kurzy-pmp","status":"publish","type":"page","link":"https:\/\/www.vos-sosmost.cz\/index.php\/vyssi-odborna-skola\/student\/kurzy-pmp\/","title":{"rendered":"Ly\u017ea\u0159sk\u00fd kurz PMP"},"content":{"rendered":"<h4><strong>Ly\u017ea\u0159sk\u00fd kurz VO\u0160 &#8211; vedouc\u00ed kurzu Mgr. Turnovsk\u00fd<br \/>\n<\/strong><\/h4>\n<h4><strong>2. RO\u010cN\u00cdK<\/strong><\/h4>\n<p>Term\u00edn \u2013 22. 2. &#8211; 28. 2. 2026<\/p>\n<p>\u00da\u010dastn\u00edci \u2013 2.Y, 2.YD, 2.WD (studenti vy\u0161\u0161\u00edch ro\u010dn\u00edk\u016f, kte\u0159\u00ed kurz neabsolvovali v p\u0159edchoz\u00edm roce)<\/p>\n<p><span style=\"font-size: 14pt;\"><strong>Podrobn\u00e9 informace <a href=\"https:\/\/www.vos-sosmost.cz\/wp-content\/uploads\/2025\/12\/LVZ-informace-VOS-2026.pdf\">zde.<\/a><\/strong><\/span><\/p>\n<div class=\"caldera-grid\" id=\"caldera_form_1\" data-cf-ver=\"1.9.6\" data-cf-form-id=\"CF5f8998a00bba2\"><div id=\"caldera_notices_1\" data-spinner=\"https:\/\/www.vos-sosmost.cz\/wp-admin\/images\/spinner.gif\"><\/div><form data-instance=\"1\" class=\"CF5f8998a00bba2 caldera_forms_form\" method=\"POST\" enctype=\"multipart\/form-data\" id=\"CF5f8998a00bba2_1\" data-form-id=\"CF5f8998a00bba2\" aria-label=\"Ly\u017ea\u0159sk&yacute; kurz VO&Scaron; PMP\">\r\n<input type=\"hidden\" id=\"_cf_verify_CF5f8998a00bba2\" name=\"_cf_verify\" value=\"0dd91812fa\"  data-nonce-time=\"1777181015\" \/><input type=\"hidden\" name=\"_wp_http_referer\" value=\"\/index.php\/wp-json\/wp\/v2\/pages\/437\" \/><div id=\"cf2-CF5f8998a00bba2_1\"><\/div><input type=\"hidden\" name=\"_cf_frm_id\" value=\"CF5f8998a00bba2\">\r\n<input type=\"hidden\" name=\"_cf_frm_ct\" value=\"1\">\r\n<input type=\"hidden\" name=\"_cf_cr_pst\" value=\"437\">\r\n<div class=\"hide\" style=\"display:none; overflow:hidden;height:0;width:0;\">\r\n<label>Web Site<\/label><input type=\"text\" name=\"web_site\" value=\"\" autocomplete=\"off\">\r\n<\/div><div id=\"CF5f8998a00bba2_1-row-1\"  class=\"row  first_row\"><div  class=\"col-sm-6  first_col\"><div data-field-wrapper=\"fld_8768091\" class=\"form-group\" id=\"fld_8768091_1-wrap\">\r\n\t<label id=\"fld_8768091Label\" for=\"fld_8768091_1\" class=\"control-label\">Jm\u00e9no <span aria-hidden=\"true\" role=\"presentation\" class=\"field_required\" style=\"color:#ee0000;\">*<\/span><\/label>\r\n\t<div class=\"\">\r\n\t\t<input   required type=\"text\" data-field=\"fld_8768091\" class=\" form-control\" id=\"fld_8768091_1\" name=\"fld_8768091\" value=\"\" data-type=\"text\" aria-required=\"true\"   aria-labelledby=\"fld_8768091Label\" >\t\t\t<\/div>\r\n<\/div>\r\n<div data-field-wrapper=\"fld_9970286\" class=\"form-group\" id=\"fld_9970286_1-wrap\">\r\n\t<label id=\"fld_9970286Label\" for=\"fld_9970286_1\" class=\"control-label\">P\u0159\u00edjmen\u00ed <span aria-hidden=\"true\" role=\"presentation\" class=\"field_required\" style=\"color:#ee0000;\">*<\/span><\/label>\r\n\t<div class=\"\">\r\n\t\t<input   required type=\"text\" data-field=\"fld_9970286\" class=\" form-control\" id=\"fld_9970286_1\" name=\"fld_9970286\" value=\"\" data-type=\"text\" aria-required=\"true\"   aria-labelledby=\"fld_9970286Label\" >\t\t\t<\/div>\r\n<\/div>\r\n<div data-field-wrapper=\"fld_2510618\" class=\"form-group\" id=\"fld_2510618_1-wrap\">\r\n\t<label id=\"fld_2510618Label\" for=\"fld_2510618_1\" class=\"control-label\">T\u0159\u00edda <span aria-hidden=\"true\" role=\"presentation\" class=\"field_required\" style=\"color:#ee0000;\">*<\/span><\/label>\r\n\t<div class=\"\">\r\n\t\t<input   required type=\"text\" data-field=\"fld_2510618\" class=\" form-control\" id=\"fld_2510618_1\" name=\"fld_2510618\" value=\"\" data-type=\"text\" aria-required=\"true\"   aria-labelledby=\"fld_2510618Label\" >\t\t\t<\/div>\r\n<\/div>\r\n<\/div><div  class=\"col-sm-6  last_col\"><div data-field-wrapper=\"fld_3466643\" class=\"form-group\" id=\"fld_3466643_1-wrap\">\r\n\t<label id=\"fld_3466643Label\" for=\"fld_3466643_1\" class=\"control-label\">Datum narozen\u00ed <span aria-hidden=\"true\" role=\"presentation\" class=\"field_required\" style=\"color:#ee0000;\">*<\/span><\/label>\r\n\t<div class=\"\">\r\n\t\t<input  data-inputmask=\"'mask': '99.99.9999'\"  required type=\"text\" data-field=\"fld_3466643\" class=\" form-control\" id=\"fld_3466643_1\" name=\"fld_3466643\" value=\"\" data-type=\"text\" aria-required=\"true\"   aria-labelledby=\"fld_3466643Label\" >\t\t\t<\/div>\r\n<\/div>\r\n<div data-field-wrapper=\"fld_4859523\" class=\"form-group\" id=\"fld_4859523_1-wrap\">\r\n\t<label id=\"fld_4859523Label\" for=\"fld_4859523_1\" class=\"control-label\">E-mailov\u00e1 adresa <span aria-hidden=\"true\" role=\"presentation\" class=\"field_required\" style=\"color:#ee0000;\">*<\/span><\/label>\r\n\t<div class=\"\">\r\n\t\t<input   required type=\"email\" data-field=\"fld_4859523\" class=\" form-control\" id=\"fld_4859523_1\" name=\"fld_4859523\" value=\"\" data-type=\"email\" aria-required=\"true\"   aria-labelledby=\"fld_4859523Label\" >\t\t\t<\/div>\r\n<\/div>\r\n<div data-field-wrapper=\"fld_2644356\" class=\"form-group\" id=\"fld_2644356_1-wrap\">\r\n\t<label id=\"fld_2644356Label\" for=\"fld_2644356_1\" class=\"control-label\">Potvrdit e-mailovou adresu <span aria-hidden=\"true\" role=\"presentation\" class=\"field_required\" style=\"color:#ee0000;\">*<\/span><\/label>\r\n\t<div class=\"\">\r\n\t\t<input   required type=\"email\" data-field=\"fld_2644356\" class=\" form-control\" id=\"fld_2644356_1\" name=\"fld_2644356\" value=\"\" data-type=\"email\" aria-required=\"true\"   aria-labelledby=\"fld_2644356Label\" >\t\t\t<\/div>\r\n<\/div>\r\n<\/div><\/div><div id=\"CF5f8998a00bba2_1-row-2\"  class=\"row \"><div  class=\"col-sm-12  single\"><div data-field-wrapper=\"fld_4081865\" class=\"form-group\" id=\"fld_4081865_1-wrap\">\r\n\t<label id=\"fld_4081865Label\" for=\"fld_4081865_1\" class=\"control-label screen-reader-text sr-only\">GDPR<\/label>\r\n\t<div class=\"\">\r\n\t\t\t\t\t\t\t\t\t\t\t<div class=\"checkbox\">\n\t\t\t\t\n                <label                         for=\"fld_4081865_1_opt1595443\"\n                >\n                            <input\n                                data-parsley-required=\"true\" data-parsley-group=\"fld_4081865_1\" data-parsley-multiple=\"fld_4081865_1\"                                type=\"checkbox\"\n                                data-label=\"Souhlas\u00edm se zpracov\u00e1n\u00edm osobn\u00edch \u00fadaj\u016f, kter\u00e9 \u0161kola vyu\u017e\u00edv\u00e1 pouze po dobu trv\u00e1n\u00ed kurzu, a kter\u00e9 vy\u017eaduje pouze pro administraci a komunikaci s \u00fa\u010dastn\u00edkem. Bli\u017e\u0161\u00ed informace o ochran\u011b osobn\u00edch \u00fadaj\u016f lze z\u00edskat na str\u00e1nce \u0161koly v z\u00e1lo\u017ece O \u0161kole -&gt; GDPR.  \"\n                                data-field=\"fld_4081865\"\n                                id=\"fld_4081865_1_opt1595443\"\n                                class=\"fld_4081865_1 option-required\"\n                                name=\"fld_4081865[opt1595443]\"\n                                value=\"Souhlas\u00edm se zpracov\u00e1n\u00edm osobn\u00edch \u00fadaj\u016f, kter\u00e9 \u0161kola vyu\u017e\u00edv\u00e1 pouze po dobu trv\u00e1n\u00ed kurzu, a kter\u00e9 vy\u017eaduje pouze pro administraci a komunikaci s \u00fa\u010dastn\u00edkem. Bli\u017e\u0161\u00ed informace o ochran\u011b osobn\u00edch \u00fadaj\u016f lze z\u00edskat na str\u00e1nce \u0161koly v z\u00e1lo\u017ece O \u0161kole -&gt; GDPR.  \"\n                                                                data-type=\"checkbox\"\n                                data-checkbox-field=\"fld_4081865_1\"\n                                                                data-calc-value=\"Souhlas\u00edm se zpracov\u00e1n\u00edm osobn\u00edch \u00fadaj\u016f, kter\u00e9 \u0161kola vyu\u017e\u00edv\u00e1 pouze po dobu trv\u00e1n\u00ed kurzu, a kter\u00e9 vy\u017eaduje pouze pro administraci a komunikaci s \u00fa\u010dastn\u00edkem. Bli\u017e\u0161\u00ed informace o ochran\u011b osobn\u00edch \u00fadaj\u016f lze z\u00edskat na str\u00e1nce \u0161koly v z\u00e1lo\u017ece O \u0161kole -&gt; GDPR.  \"\n                            >\n                    Souhlas\u00edm se zpracov\u00e1n\u00edm osobn\u00edch \u00fadaj\u016f, kter\u00e9 \u0161kola vyu\u017e\u00edv\u00e1 pouze po dobu trv\u00e1n\u00ed kurzu, a kter\u00e9 vy\u017eaduje pouze pro administraci a komunikaci s \u00fa\u010dastn\u00edkem. Bli\u017e\u0161\u00ed informace o ochran\u011b osobn\u00edch \u00fadaj\u016f lze z\u00edskat na str\u00e1nce \u0161koly v z\u00e1lo\u017ece O \u0161kole -> GDPR.                  <\/label>\n\n                \t\t\t\t\t<\/div>\n\t\t\t\t\t\t\t\t\t\t\t<\/div>\r\n<\/div>\r\n<div data-field-wrapper=\"fld_8650617\" class=\"form-group\" id=\"fld_8650617_1-wrap\">\r\n\t<label id=\"fld_8650617Label\" for=\"fld_8650617_1\" class=\"control-label screen-reader-text sr-only\">Zavaznost<\/label>\r\n\t<div class=\"\">\r\n\t\t\t\t\t\t\t\t\t\t\t<div class=\"checkbox\">\n\t\t\t\t\n                <label                         for=\"fld_8650617_1_opt1526267\"\n                >\n                            <input\n                                data-parsley-required=\"true\" data-parsley-group=\"fld_8650617_1\" data-parsley-multiple=\"fld_8650617_1\"                                type=\"checkbox\"\n                                data-label=\"Beru na v\u011bdom\u00ed, \u017ee p\u0159ihl\u00e1\u0161ka na kurz je z\u00e1vazn\u00e1 a jsem sezn\u00e1men\/a s podm\u00ednkami kurzu z informa\u010dn\u00edch let\u00e1k\u016f.\"\n                                data-field=\"fld_8650617\"\n                                id=\"fld_8650617_1_opt1526267\"\n                                class=\"fld_8650617_1 option-required\"\n                                name=\"fld_8650617[opt1526267]\"\n                                value=\"Beru na v\u011bdom\u00ed, \u017ee p\u0159ihl\u00e1\u0161ka na kurz je z\u00e1vazn\u00e1 a jsem sezn\u00e1men\/a s podm\u00ednkami kurzu z informa\u010dn\u00edch let\u00e1k\u016f.\"\n                                                                data-type=\"checkbox\"\n                                data-checkbox-field=\"fld_8650617_1\"\n                                                                data-calc-value=\"Beru na v\u011bdom\u00ed, \u017ee p\u0159ihl\u00e1\u0161ka na kurz je z\u00e1vazn\u00e1 a jsem sezn\u00e1men\/a s podm\u00ednkami kurzu z informa\u010dn\u00edch let\u00e1k\u016f.\"\n                            >\n                    Beru na v\u011bdom\u00ed, \u017ee p\u0159ihl\u00e1\u0161ka na kurz je z\u00e1vazn\u00e1 a jsem sezn\u00e1men\/a s podm\u00ednkami kurzu z informa\u010dn\u00edch let\u00e1k\u016f.                <\/label>\n\n                \t\t\t\t\t<\/div>\n\t\t\t\t\t\t\t\t\t\t\t<\/div>\r\n<\/div>\r\n<\/div><\/div><div id=\"CF5f8998a00bba2_1-row-3\"  class=\"row  last_row\"><div  class=\"col-sm-12  single\"><span class=\"caldera-forms-conditional-field\" role=\"region\" aria-live=\"polite\" id=\"conditional_fld_7908577_1\" data-field-id=\"fld_7908577_1\"><div data-field-wrapper=\"fld_7908577\" class=\"form-group\" id=\"fld_7908577_1-wrap\">\r\n<div class=\"\">\r\n\t<input  class=\"btn btn-default\" type=\"submit\" name=\"fld_7908577\" id=\"fld_7908577_1\" value=\"P\u0159ihl\u00e1sit se\" data-field=\"fld_7908577\"  >\n<\/div>\r\n<\/div>\r\n\t<input class=\"button_trigger_1\" type=\"hidden\" name=\"fld_7908577\" id=\"fld_7908577_1_btn\" value=\"\" data-field=\"fld_7908577\"  \/>\n<\/span><\/div><\/div><\/form>\r\n<\/div>\r\n<script type=\"text\/javascript\">\r\nif( typeof caldera_conditionals === \"undefined\" ){ var caldera_conditionals = {}; }caldera_conditionals.CF5f8998a00bba2_1 = {\"fld_7908577_1\":{\"type\":\"disable\",\"group\":{\"rw9195733186358097\":{\"cl5089189934698171\":{\"parent\":\"rw9195733186358097\",\"field\":\"fld_2644356\",\"compare\":\"isnot\",\"value\":\"fld_4859523\",\"selectors\":{\"fld_4859523\":\"[data-field=\\\"fld_4859523\\\"]\"}}}}}};\r\n<\/script>\r\n\n","protected":false},"excerpt":{"rendered":"<p>Ly\u017ea\u0159sk\u00fd kurz VO\u0160 &#8211; vedouc\u00ed kurzu Mgr. Turnovsk\u00fd 2. RO\u010cN\u00cdK Term\u00edn \u2013 22. 2. &#8211; 28. 2. 2026 \u00da\u010dastn\u00edci \u2013 2.Y, 2.YD, 2.WD (studenti vy\u0161\u0161\u00edch ro\u010dn\u00edk\u016f, kte\u0159\u00ed kurz neabsolvovali v p\u0159edchoz\u00edm roce) Podrobn\u00e9 informace zde.<\/p>\n","protected":false},"author":1,"featured_media":0,"parent":2338,"menu_order":10,"comment_status":"closed","ping_status":"closed","template":"","meta":{"ngg_post_thumbnail":0,"footnotes":""},"class_list":["post-437","page","type-page","status-publish","hentry"],"_links":{"self":[{"href":"https:\/\/www.vos-sosmost.cz\/index.php\/wp-json\/wp\/v2\/pages\/437","targetHints":{"allow":["GET"]}}],"collection":[{"href":"https:\/\/www.vos-sosmost.cz\/index.php\/wp-json\/wp\/v2\/pages"}],"about":[{"href":"https:\/\/www.vos-sosmost.cz\/index.php\/wp-json\/wp\/v2\/types\/page"}],"author":[{"embeddable":true,"href":"https:\/\/www.vos-sosmost.cz\/index.php\/wp-json\/wp\/v2\/users\/1"}],"replies":[{"embeddable":true,"href":"https:\/\/www.vos-sosmost.cz\/index.php\/wp-json\/wp\/v2\/comments?post=437"}],"version-history":[{"count":35,"href":"https:\/\/www.vos-sosmost.cz\/index.php\/wp-json\/wp\/v2\/pages\/437\/revisions"}],"predecessor-version":[{"id":9120,"href":"https:\/\/www.vos-sosmost.cz\/index.php\/wp-json\/wp\/v2\/pages\/437\/revisions\/9120"}],"up":[{"embeddable":true,"href":"https:\/\/www.vos-sosmost.cz\/index.php\/wp-json\/wp\/v2\/pages\/2338"}],"wp:attachment":[{"href":"https:\/\/www.vos-sosmost.cz\/index.php\/wp-json\/wp\/v2\/media?parent=437"}],"curies":[{"name":"wp","href":"https:\/\/api.w.org\/{rel}","templated":true}]}}