{"id":265,"date":"2024-10-22T18:25:31","date_gmt":"2024-10-22T16:25:31","guid":{"rendered":"https:\/\/www.vos-sosmost.cz\/?page_id=265"},"modified":"2026-03-04T12:11:58","modified_gmt":"2026-03-04T11:11:58","slug":"zakladni-informace","status":"publish","type":"page","link":"https:\/\/www.vos-sosmost.cz\/index.php\/o-skole\/zakladni-informace\/","title":{"rendered":"Z\u00e1kladn\u00ed informace"},"content":{"rendered":"<p>&nbsp;<\/p>\n<table>\n<tbody>\n<tr>\n<td style=\"width: 113px;\">N\u00e1zev:<\/td>\n<td style=\"width: 534px;\">Vy\u0161\u0161\u00ed odborn\u00e1 \u0161kola ekonomick\u00e1, soci\u00e1ln\u00ed a zdravotnick\u00e1, Obchodn\u00ed akademie, St\u0159edn\u00ed pedagogick\u00e1 \u0161kola a St\u0159edn\u00ed zdravotnick\u00e1 \u0161kola, Most, p\u0159\u00edsp\u011bvkov\u00e1 organizace<\/td>\n<\/tr>\n<tr>\n<td style=\"width: 113px;\">Z\u0159izovatel:<\/td>\n<td style=\"width: 534px;\">\u00dasteck\u00fd kraj<\/td>\n<\/tr>\n<tr>\n<td style=\"width: 113px;\">Adresa:<\/td>\n<td style=\"width: 534px;\">Zde\u0148ka Fibicha 2778\/20, 434 01 Most<\/td>\n<\/tr>\n<tr>\n<td style=\"width: 113px;\">IZO:<\/td>\n<td style=\"width: 534px;\">108006972<\/td>\n<\/tr>\n<tr>\n<td style=\"width: 113px;\">I\u010c:<\/td>\n<td style=\"width: 534px;\">49872427<\/td>\n<\/tr>\n<tr>\n<td style=\"width: 113px;\">Telefon:<\/td>\n<td style=\"width: 534px;\">417 637 477<\/td>\n<\/tr>\n<tr>\n<td style=\"width: 113px;\">E-mail:<\/td>\n<td style=\"width: 534px;\">skola (zavin\u00e1\u010d) vos-sosmost.cz<\/td>\n<\/tr>\n<tr>\n<td style=\"width: 113px;\">Datov\u00e1 schr\u00e1nka:<\/td>\n<td style=\"width: 534px;\">zcivy9b<\/td>\n<\/tr>\n<tr>\n<td style=\"width: 113px;\">WWW:<\/td>\n<td style=\"width: 534px;\"><a href=\"https:\/\/www.vos-sosmost.cz\/\">https:\/\/www.vos-sosmost.cz<\/a><\/td>\n<\/tr>\n<\/tbody>\n<\/table>\n<p><strong>Poskytovan\u00fd stupe\u0148 vzd\u011bl\u00e1n\u00ed<\/strong><\/p>\n<p>\u0160kola poskytuje st\u0159edn\u00ed vzd\u011bl\u00e1n\u00ed, st\u0159edn\u00ed vzd\u011bl\u00e1n\u00ed s maturitou a vy\u0161\u0161\u00ed odborn\u00e9 vzd\u011bl\u00e1n\u00ed.<\/p>\n<p><strong>Kapacita \u0161koly<\/strong><\/p>\n<p>Schv\u00e1len\u00e1 kapacita \u0161koly je celkem 2150 \u017e\u00e1k\u016f a student\u016f, z toho 1290 \u017e\u00e1k\u016f st\u0159edn\u00ed \u0161koly, 860 student\u016f vy\u0161\u0161\u00ed odborn\u00e9 \u0161koly. Kapacita Domova ml\u00e1de\u017ee je 120 ubytovan\u00fdch.<\/p>\n<p><strong>Historie \u0161koly<\/strong><\/p>\n<p>\u0160kola vznikla na z\u00e1klad\u011b usnesen\u00ed Zastupitelstva \u00dasteck\u00e9ho kraje k 1.9.2009 slou\u010den\u00edm Vy\u0161\u0161\u00ed odborn\u00e9 \u0161koly, St\u0159edn\u00ed pedagogick\u00e9 \u0161koly a Obchodn\u00ed akademie v Most\u011b a Vy\u0161\u0161\u00ed odborn\u00e9 \u0161koly zdravotnick\u00e9 a St\u0159edn\u00ed \u0161koly zdravotnick\u00e9 J.E. Purkyn\u011b v Most\u011b. Ob\u011b \u0161koly maj\u00ed ve vzd\u011bl\u00e1vac\u00edm syst\u00e9mu \u00dasteck\u00e9ho kraje dlouholetou tradici. Ekonomick\u00e9 a pedagogick\u00e9 obory v denn\u00ed i d\u00e1lkov\u00e9 form\u011b vzd\u011bl\u00e1v\u00e1n\u00ed jsou ve\u0159ejnosti nab\u00edzeny od poloviny 60. let, soci\u00e1ln\u00ed vzd\u011bl\u00e1v\u00e1n\u00ed od 70. let a zdravotnick\u00e9 vzd\u011bl\u00e1v\u00e1n\u00ed za\u010dalo b\u00fdt realizov\u00e1no v roce 1946. D\u00edky sv\u00e9 vzd\u011bl\u00e1vac\u00ed nab\u00eddce i poskytovan\u00e9 kvalit\u011b vzd\u011bl\u00e1v\u00e1n\u00ed ob\u011b \u0161koly z\u00edskaly pevn\u00e9 postaven\u00ed v krajsk\u00e9 s\u00edti st\u0159edn\u00edch a vy\u0161\u0161\u00edch odborn\u00fdch \u0161kol. Slou\u010den\u00edm obou \u0161kol se vytvo\u0159ily podm\u00ednky pro efektivn\u00ed vyu\u017e\u00edv\u00e1n\u00ed person\u00e1ln\u00edho z\u00e1zem\u00ed a materi\u00e1ln\u011b technick\u00e9 vybavenosti obou \u0161kol a jejich vyu\u017eit\u00ed pro roz\u0161i\u0159ov\u00e1n\u00ed vzd\u011bl\u00e1vac\u00ed nab\u00eddky v celo\u017eivotn\u00edm vzd\u011bl\u00e1v\u00e1n\u00ed, kter\u00e9 zahrnuje p\u0159edev\u0161\u00edm kurzy pro ve\u0159ejnost. P\u00e1te\u0159n\u00ed \u0161kola \u00dasteck\u00e9ho kraje Dne 18. kv\u011btna 2011 Rada \u00dasteck\u00e9ho kraje rozhodla ud\u011blit \u0161kole Certifik\u00e1t p\u00e1te\u0159n\u00ed \u0161kola \u00dasteck\u00e9ho kraje. Certifik\u00e1t byl ud\u011blen za spln\u011bn\u00ed krit\u00e9rii stanoven\u00fdch z\u0159izovatelem \u00dasteck\u00fdm krajem a je osv\u011bd\u010den\u00edm o v\u00fdznamn\u00e9m postaven\u00ed \u0161koly v s\u00edti \u0161kol a \u0161kolsk\u00fdch za\u0159\u00edzen\u00ed \u00dasteck\u00e9ho kraje. \u0160kola, kter\u00e1 certifik\u00e1t obdr\u017e\u00ed, z\u00edsk\u00e1 pr\u00e1vo pou\u017e\u00edvat ke sv\u00e9mu n\u00e1zvu dov\u011btek P\u00e1te\u0159n\u00ed \u0161kola \u00dasteck\u00e9ho kraje pro pot\u0159eby prezentace \u0161koly a n\u00e1boru.<\/p>\n<p><img loading=\"lazy\" decoding=\"async\" class=\"alignnone size-full wp-image-3821\" src=\"https:\/\/www.vos-sosmost.cz\/wp-content\/uploads\/2019\/07\/paterniskola.jpg\" alt=\"\" width=\"3508\" height=\"2480\" srcset=\"https:\/\/www.vos-sosmost.cz\/wp-content\/uploads\/2019\/07\/paterniskola.jpg 3508w, https:\/\/www.vos-sosmost.cz\/wp-content\/uploads\/2019\/07\/paterniskola-300x212.jpg 300w, https:\/\/www.vos-sosmost.cz\/wp-content\/uploads\/2019\/07\/paterniskola-768x543.jpg 768w, https:\/\/www.vos-sosmost.cz\/wp-content\/uploads\/2019\/07\/paterniskola-1024x724.jpg 1024w, https:\/\/www.vos-sosmost.cz\/wp-content\/uploads\/2019\/07\/paterniskola-360x255.jpg 360w, https:\/\/www.vos-sosmost.cz\/wp-content\/uploads\/2019\/07\/paterniskola-24x17.jpg 24w, https:\/\/www.vos-sosmost.cz\/wp-content\/uploads\/2019\/07\/paterniskola-36x25.jpg 36w, https:\/\/www.vos-sosmost.cz\/wp-content\/uploads\/2019\/07\/paterniskola-48x34.jpg 48w\" sizes=\"auto, (max-width: 3508px) 100vw, 3508px\" \/><\/p>\n<p><strong>Materi\u00e1ln\u011b technick\u00e9 vybaven\u00ed \u0161koly<\/strong><\/p>\n<p>\u0160kola m\u00e1 ve spr\u00e1v\u011b majetku t\u0159i budovy. Ve dvou \u0161koln\u00edch budov\u00e1ch prob\u00edh\u00e1 vzd\u011bl\u00e1vac\u00ed \u010dinnost (budova A \u2013 Zde\u0148ka Fibicha 2778\/20, budova B \u2013 sekce zdravotnick\u00e9ho vzd\u011bl\u00e1v\u00e1n\u00ed, J.E. Purkyn\u011b 272), ve t\u0159et\u00ed budov\u011b je Domov ml\u00e1de\u017ee (budova C \u2013 J. E. Purkyn\u011b 271). Ob\u011b \u0161koln\u00ed budovy maj\u00ed pro vzd\u011bl\u00e1v\u00e1n\u00ed velmi dobr\u00e9 materi\u00e1ln\u00ed podm\u00ednky v ot\u00e1zce dostate\u010dn\u00e9ho po\u010dtu kmenov\u00fdch u\u010deben i odborn\u00fdch u\u010deben. Na vysok\u00e9 \u00farovni je ICT vybaven\u00ed. \u0160koly jsou propojeny datov\u00fdm spojem, kter\u00fd umo\u017e\u0148uje pr\u00e1ci ve spole\u010dn\u00e9m kvalitn\u00edm po\u010d\u00edta\u010dov\u00e9m prost\u0159ed\u00ed, a to nejen u\u010ditel\u016fm, ale i \u017e\u00e1k\u016fm a student\u016fm denn\u00edho i d\u00e1lkov\u00e9ho studia, ale t\u00e9\u017e rodi\u010d\u016fm. Ve \u0161kole je 5 u\u010deben v\u00fdpo\u010detn\u00ed techniky s 80 po\u010d\u00edta\u010di pro \u017e\u00e1ky, d\u00e1le pak 3 multimedi\u00e1ln\u00ed u\u010debny pro v\u00fduku v\u0161eobecn\u00fdch a odborn\u00fdch p\u0159edm\u011bt\u016f za vyu\u017eit\u00ed notebook\u016f pro 30 \u017e\u00e1k\u016f ve vyu\u010dovac\u00ed hodin\u011b. Z celkov\u00e9ho po\u010dtu u\u010deben je 25 u\u010deben vybaveno dataprojektorem. Ve \u0161kole jsou dal\u0161\u00ed odborn\u00e9 u\u010debny speci\u00e1ln\u011b vybaven\u00e9 pro v\u00fduku ciz\u00edch jazyk\u016f, o\u0161et\u0159ovatelstv\u00ed, komunikaci, v\u00fdtvarnou v\u00fdchovu, hudebn\u00ed v\u00fdchovu, dramatickou v\u00fdchovu, fiktivn\u00ed firmy aj. Velmi dobr\u00e9 z\u00e1zem\u00ed m\u00e1 \u0161kola pro t\u011blesnou v\u00fdchovu, kter\u00e9 tvo\u0159\u00ed dv\u011b t\u011blocvi\u010dny, jedna posilovna a jeden plaveck\u00fd baz\u00e9n. Toto vybaven\u00ed slou\u017e\u00ed vedle vlastn\u00ed v\u00fduky tak\u00e9 k vyu\u017eit\u00ed pro z\u00e1jmovou \u010dinnost \u017e\u00e1k\u016f a student\u016f \u0161koly a ubytovan\u00fdch v domov\u011b ml\u00e1de\u017ee.<\/p>\n<p>Domov ml\u00e1de\u017ee je d\u016fle\u017eit\u00fdm z\u00e1zem\u00edm pro \u010d\u00e1st \u017e\u00e1k\u016f a student\u016f \u0161koly, disponuje 60 dvoul\u016f\u017ekov\u00fdmi pokoji a vlastn\u00edm stravovac\u00edm provozem v celodenn\u00edm re\u017eimu. Ve v\u0161ech t\u0159ech budov\u00e1ch jsou \u017e\u00e1k\u016fm a student\u016fm k dispozici knihovny a studovny s nab\u00eddkou odborn\u00e9 i kr\u00e1sn\u00e9 literatury, ale t\u00e9\u017e s nab\u00eddkou v\u00fdb\u011brov\u00e9ho filmov\u00e9ho a hudebn\u00edho um\u011bn\u00ed.<\/p>\n<p><strong>Bezbari\u00e9rovost<\/strong><\/p>\n<p>Budova A (Zde\u0148ka Fibicha 2778\/20) je vybavena spodn\u00edm vchodem pro bezbari\u00e9rov\u00fd vstup do prostor \u0161koly. Budova je vybavena osobn\u00edm v\u00fdtahem, kter\u00fdm se lze dostat do v\u0161ech pater. Budova zdravotnick\u00e9 \u0161koly (J.E.Purkyn\u011b 272) nab\u00edz\u00ed bezbari\u00e9rov\u00fd vstup do prostor t\u011blocvi\u010dny a baz\u00e9nu.&nbsp;<\/p>\n<p><strong>Aktivity \u0161koly<\/strong><\/p>\n<p>\u0160kola v posledn\u00edch letech dosahovala velmi dobr\u00fdch v\u00fdsledk\u016f v projektech vyhla\u0161ovan\u00fdch v r\u00e1mci Evropsk\u00e9ho soci\u00e1ln\u00edho fondu, v r\u00e1mci dota\u010dn\u00ed politiky \u00dasteck\u00e9ho kraje a i v r\u00e1mci EHP fond\u016f\/Norska. \u00dasp\u011bch\u016f na krajsk\u00e9 ale i republikov\u00e9 \u00farovni dosahuj\u00ed \u017e\u00e1ci v r\u016fzn\u00fdch typech sout\u011b\u017e\u00ed. Dlouholetou \u00fasp\u011b\u0161nou tradici maj\u00ed fiktivn\u00ed firmy, kter\u00e9 sb\u00edraj\u00ed v\u00fdznamn\u00e1 ocen\u011bn\u00ed i na mezin\u00e1rodn\u00edch veletrz\u00edch fiktivn\u00edch firem, d\u00e1le pak p\u011bveck\u00fd sbor \u0161koly, pr\u00e1ce v oblasti st\u0159edo\u0161kolsk\u00e9 odborn\u00e9 \u010dinnosti, ale i sout\u011b\u017ee sportovn\u00ed, jazykov\u00e9, liter\u00e1rn\u00ed, zdravotn\u00edch dovednost\u00ed. S pozitivn\u00edm ohlasem se setk\u00e1vaj\u00ed ka\u017edoro\u010dn\u00ed r\u016fzn\u011b tematicky zam\u011b\u0159en\u00e9 v\u00fdtvarn\u011b \u2013 liter\u00e1rn\u00ed projekty \u017e\u00e1k\u016f \u0161koly po\u0159\u00e1dan\u00e9 pro ve\u0159ejnost m\u011bsta Mostu a Litv\u00ednova.<\/p>\n<p><strong>Soci\u00e1ln\u00ed partne\u0159i<\/strong><\/p>\n<p>Velmi dobrou spolupr\u00e1ci m\u00e1 \u0161kola se soci\u00e1ln\u00edmi partnery. Mezi nejv\u00fdznamn\u011bj\u0161\u00ed pat\u0159\u00ed Krajsk\u00e1 zdravotn\u00ed, a.s. a dal\u0161\u00ed zdravotnick\u00e1 za\u0159\u00edzen\u00ed v cel\u00e9m \u00dasteck\u00e9m kraji, Czech Coal, a.s, Magistr\u00e1t m\u011bsta Mostu, United Energy, a.s., \u00da\u0159ad pr\u00e1ce v Most\u011b, M\u011bstsk\u00e1 spr\u00e1va soci\u00e1ln\u00edch slu\u017eeb a dal\u0161\u00ed soci\u00e1ln\u00ed instituce v \u00dasteck\u00e9m kraji. Soci\u00e1ln\u00ed partne\u0159i umo\u017e\u0148uj\u00ed na sv\u00fdch pracovi\u0161t\u00edch pr\u016fb\u011bh odborn\u00e9 praxe \u017e\u00e1k\u016f a student\u016f, ale tak\u00e9 ze sv\u00fdch \u0159ad poskytuj\u00ed odborn\u00edky pro veden\u00ed a oponov\u00e1n\u00ed absolventsk\u00fdch prac\u00ed, pro posuzov\u00e1n\u00ed nov\u00fdch studijn\u00edch program\u016f, pro hodnocen\u00ed v\u00fdsledk\u016f odborn\u00fdch sout\u011b\u017e\u00ed a pro partnerstv\u00ed v projektech ESF.<\/p>\n<p><strong>Dopl\u0148kov\u00e1 \u010dinnost \u0161koly<\/strong><\/p>\n<p>\u0160kola na z\u00e1klad\u011b \u017eivnostensk\u00e9ho opr\u00e1vn\u011bn\u00ed realizuje dopl\u0148kovou \u010dinnost pro ve\u0159ejnost v oblastech stravov\u00e1n\u00ed a ubytov\u00e1n\u00ed, po\u0159\u00e1d\u00e1n\u00ed vzd\u011bl\u00e1vac\u00edch kurz\u016f, pron\u00e1jmu nebytov\u00fdch prostor, pron\u00e1jmu a p\u016fj\u010dov\u00e1n\u00ed v\u011bc\u00ed movit\u00fdch, kop\u00edrovac\u00ed pr\u00e1ce a reklamn\u00ed \u010dinnost. Informace o vzd\u011bl\u00e1vac\u00ed nab\u00eddce a aktivit\u00e1ch \u0161koly O obsahu vzd\u011bl\u00e1v\u00e1n\u00ed a mimo\u0159\u00e1dn\u00fdch aktivit\u00e1ch \u0161koly je ve\u0159ejnost informov\u00e1na prost\u0159ednictv\u00edm webov\u00fdch str\u00e1nek \u0161koly, ale tak\u00e9 na veletrz\u00edch vzd\u011bl\u00e1v\u00e1n\u00ed a dnech otev\u0159en\u00fdch dve\u0159\u00ed, v r\u00e1mci kter\u00fdch se mohou n\u00e1v\u0161t\u011bvn\u00edci \u0161koly sezn\u00e1mit s prost\u0159ed\u00edm a atmosf\u00e9rou \u0161koly, s pedagogy \u0161koly a p\u0159edev\u0161\u00edm s materi\u00e1ln\u011b technick\u00fdm vybaven\u00edm nezbytn\u00fdm pro modern\u00ed vyu\u010dovac\u00ed postupy.<\/p>\n<p><strong>Rada \u0161koly<\/strong><\/p>\n<p>Person\u00e1ln\u00ed slo\u017een\u00ed \u0160kolsk\u00e9 rady Vy\u0161\u0161\u00ed odborn\u00e9 \u0161koly ekonomick\u00e9, soci\u00e1ln\u00ed a zdravotnick\u00e9, Obchodn\u00ed akademie, St\u0159edn\u00ed pedagogick\u00e9 \u0161koly a St\u0159edn\u00ed zdravotnick\u00e9 \u0161koly, Most p\u0159i VO\u0160, OA, SPg\u0160 a SZ\u0160, Most, p\u0159\u00edsp\u011bvkov\u00e1 organizace pro volebn\u00ed obdob\u00ed 2024 a\u017e 2027.<\/p>\n<p>\u010clenov\u00e9 \u0160R navr\u017een\u00e9 z\u0159izovatelem<\/p>\n<ul>\n<li>Ing. Bc. Kl\u00e1ra Kyselovi\u010dov\u00e1<\/li>\n<li>Ing. Roman Jire\u0161<\/li>\n<li>Ing. Miroslav Vacek<\/li>\n<\/ul>\n<p>\u010clenov\u00e9 \u0160R zastupuj\u00edc\u00ed pedagogick\u00e9 pracovn\u00edky<\/p>\n<ul>\n<li>Mgr. Miroslava Markov\u00e1<\/li>\n<li>Mgr. Al\u017eb\u011bta B\u00edlkov\u00e1<\/li>\n<li>Ing. Zden\u011bk Pa\u010fourek<\/li>\n<\/ul>\n<p>\u010clenov\u00e9 \u0160R zastupuj\u00edc\u00ed \u017e\u00e1ky \u0161koly:<\/p>\n<ul>\n<li>Ing. Bla\u017eej Grzn\u00e1r<\/li>\n<li>Mgr. Jana \u0160t\u011bp\u00e1nkov\u00e1<\/li>\n<li>p\u00ed Radka Hub\u00e1\u010dkov\u00e1<\/li>\n<\/ul>\n<p>P\u0159edsedou \u0160kolsk\u00e9 rady VO\u0160, OA, SPg\u0160 a SZ\u0160 Most byl zvolen Ing. Zden\u011bk Pa\u010fourek.<\/p>\n","protected":false},"excerpt":{"rendered":"<p>&nbsp; N\u00e1zev: Vy\u0161\u0161\u00ed odborn\u00e1 \u0161kola ekonomick\u00e1, soci\u00e1ln\u00ed a zdravotnick\u00e1, Obchodn\u00ed akademie, St\u0159edn\u00ed pedagogick\u00e1 \u0161kola a St\u0159edn\u00ed zdravotnick\u00e1 \u0161kola, Most, p\u0159\u00edsp\u011bvkov\u00e1 organizace Z\u0159izovatel: \u00dasteck\u00fd kraj Adresa: Zde\u0148ka Fibicha 2778\/20, 434 01 Most IZO: 108006972 I\u010c: 49872427 Telefon: 417 637 477 E-mail: <a href=\"https:\/\/www.vos-sosmost.cz\/index.php\/o-skole\/zakladni-informace\/\" class=\"read-more\">Read More &#8230;<\/a><\/p>\n","protected":false},"author":1,"featured_media":0,"parent":353,"menu_order":1,"comment_status":"closed","ping_status":"closed","template":"","meta":{"ngg_post_thumbnail":0,"footnotes":""},"class_list":["post-265","page","type-page","status-publish","hentry"],"_links":{"self":[{"href":"https:\/\/www.vos-sosmost.cz\/index.php\/wp-json\/wp\/v2\/pages\/265","targetHints":{"allow":["GET"]}}],"collection":[{"href":"https:\/\/www.vos-sosmost.cz\/index.php\/wp-json\/wp\/v2\/pages"}],"about":[{"href":"https:\/\/www.vos-sosmost.cz\/index.php\/wp-json\/wp\/v2\/types\/page"}],"author":[{"embeddable":true,"href":"https:\/\/www.vos-sosmost.cz\/index.php\/wp-json\/wp\/v2\/users\/1"}],"replies":[{"embeddable":true,"href":"https:\/\/www.vos-sosmost.cz\/index.php\/wp-json\/wp\/v2\/comments?post=265"}],"version-history":[{"count":36,"href":"https:\/\/www.vos-sosmost.cz\/index.php\/wp-json\/wp\/v2\/pages\/265\/revisions"}],"predecessor-version":[{"id":9251,"href":"https:\/\/www.vos-sosmost.cz\/index.php\/wp-json\/wp\/v2\/pages\/265\/revisions\/9251"}],"up":[{"embeddable":true,"href":"https:\/\/www.vos-sosmost.cz\/index.php\/wp-json\/wp\/v2\/pages\/353"}],"wp:attachment":[{"href":"https:\/\/www.vos-sosmost.cz\/index.php\/wp-json\/wp\/v2\/media?parent=265"}],"curies":[{"name":"wp","href":"https:\/\/api.w.org\/{rel}","templated":true}]}}