{"id":2462,"date":"2018-09-09T14:11:28","date_gmt":"2018-09-09T12:11:28","guid":{"rendered":"https:\/\/www.vos-sosmost.cz\/?page_id=2462"},"modified":"2025-10-21T11:37:48","modified_gmt":"2025-10-21T09:37:48","slug":"zakladni-informace-o-vos","status":"publish","type":"page","link":"https:\/\/www.vos-sosmost.cz\/index.php\/vyssi-odborna-skola\/zakladni-informace-o-vos\/","title":{"rendered":"Z\u00e1kladn\u00ed informace o VO\u0160"},"content":{"rendered":"<p style=\"text-align: center;\"><a href=\"https:\/\/www.youtube.com\/watch?v=dFBJ0dcEFKs\" target=\"_blank\" rel=\"noopener\"><strong>VY\u0160\u0160\u00cd ODBORN\u00c1 \u0160KOLA EKONOMICK\u00c1, SOCI\u00c1LN\u00cd A ZDRAVOTNICK\u00c1 SE P\u0158EDSTAVUJE<\/strong><\/a><\/p>\n<p style=\"text-align: center;\"><iframe loading=\"lazy\" src=\"\/\/www.youtube.com\/embed\/3ujRREqfehY?ab_channel=VO\" width=\"650\" height=\"364\" allowfullscreen=\"allowfullscreen\"><\/iframe><\/p>\n<p>Vy\u0161\u0161\u00ed odborn\u00e9 vzd\u011bl\u00e1v\u00e1n\u00ed jako nov\u00fd typ a stupe\u0148 vzd\u011bl\u00e1v\u00e1n\u00ed byl zakotven v polovin\u011b 90. let minul\u00e9ho stolet\u00ed jako n\u00e1hrada za tehdy zru\u0161en\u00e9 pomaturitn\u00ed vzd\u011bl\u00e1v\u00e1n\u00ed. Smyslem zaveden\u00ed tohoto stupn\u011b vzd\u011bl\u00e1v\u00e1n\u00ed bylo zajistit p\u0159\u00edpravu odborn\u00edk\u016f na pracovn\u00ed trh, kte\u0159\u00ed na rozd\u00edl od vysok\u00fdch \u0161kol, absolvuj\u00ed b\u011bhem vzd\u011bl\u00e1v\u00e1n\u00ed v\u00fdznamn\u011b vy\u0161\u0161\u00ed pod\u00edl odborn\u00e9 praxe a praktick\u00e9ho vyu\u010dov\u00e1n\u00ed.<\/p>\n<p>Na\u0161e \u0161kola zah\u00e1jila vy\u0161\u0161\u00ed odborn\u00e9 vzd\u011bl\u00e1v\u00e1n\u00ed v roce 1996 s programem Soci\u00e1ln\u011b pr\u00e1vn\u00ed \u010dinnost. V t\u00e9to oblasti m\u011bla \u0161kola dobrou tradici ji\u017e ze 70. let. O obor byl velk\u00fd z\u00e1jem a s uplatn\u011bn\u00edm absolvent\u016f nebyly \u017e\u00e1dn\u00e9 probl\u00e9my. Tento stav p\u0159etrv\u00e1v\u00e1 do sou\u010dasnosti, nebo\u0165 ve\u0159ejnost m\u00e1 o tento obor trval\u00fd z\u00e1jem a obor je v\u017edy v p\u0159ij\u00edmac\u00edm \u0159\u00edzen\u00ed zcela napln\u011bn. Od roku 2009 je obor nab\u00edzen i v d\u00e1lkov\u00e9 form\u011b vzd\u011bl\u00e1v\u00e1n\u00ed s dobou studia 3 roky.<\/p>\n<p>Po roce 2000 \u0161kola na z\u00e1klad\u011b v\u00fdznamn\u00fdch zm\u011bn prob\u00edhaj\u00edc\u00edch v regionu za\u010dala p\u0159ipravovat dal\u0161\u00ed vzd\u011bl\u00e1vac\u00ed program Firemn\u00ed ekonomika. T\u00edmto programem \u0161kola reagovala na velkou restrukturalizaci gigant\u016f na trhu pr\u00e1ce v oblasti chemick\u00e9ho a d\u016fln\u00edho pr\u016fmyslu v regionu s c\u00edlem produkovat absolventy schopn\u00e9 zvl\u00e1dat samotn\u00e9 podnik\u00e1n\u00ed a pod\u00edlet se na vytv\u00e1\u0159en\u00ed pracovn\u00edch m\u00edst pr\u00e1v\u011b na Mostecku. Vzd\u011bl\u00e1v\u00e1n\u00ed v denn\u00ed form\u011b bylo zah\u00e1jeno v roce 2003 a v roce 2009 i v d\u00e1lkov\u00e9 form\u011b.<\/p>\n<p>Koncem prvn\u00edho desetilet\u00ed, kdy se \u0161kole poda\u0159ilo zvl\u00e1dnout opakovanou akreditaci uveden\u00fdch program\u016f \u0161kola tak\u00e9 z\u00edskala akreditaci pro dal\u0161\u00ed vzd\u011bl\u00e1vac\u00ed program Pr\u00e1vn\u00ed asistence jak pro denn\u00ed tak pro d\u00e1lkovou formu vzd\u011bl\u00e1n\u00ed a jeho v\u00fduka zapo\u010dala v roce 2010.<\/p>\n<p>Vy\u0161\u0161\u00ed odborn\u00e1 \u0161kola se slou\u010den\u00edm k 1. z\u00e1\u0159\u00ed 2009 se St\u0159edn\u00ed zdravotnickou \u0161kolou a vy\u0161\u0161\u00ed odbornou \u0161kolou zdravotnickou je\u0161t\u011b roz\u0161\u00ed\u0159ila o dal\u0161\u00ed program vzd\u011bl\u00e1v\u00e1n\u00ed Diplomovan\u00e1 v\u0161eobecn\u00e1 sestra v denn\u00ed a kombinovan\u00e9 form\u011b vzd\u011bl\u00e1n\u00ed.<\/p>\n<p>Posledn\u00edm nab\u00edzen\u00fdm vzd\u011bl\u00e1vac\u00edm programem je P\u0159ed\u0161koln\u00ed a mimo\u0161koln\u00ed pedagogika, jeho\u017e v\u00fduka byla zah\u00e1jena k 1.9.2014 a to jak v denn\u00ed, tak i v d\u00e1lkov\u00e9 form\u011b vzd\u011bl\u00e1n\u00ed. T\u00edmto programem \u0161kola reagovala na m\u011bn\u00edc\u00ed se po\u017eadavky na kvalifikaci pedagogick\u00fdch pracovn\u00edk\u016f ve \u0161kolstv\u00ed. Vzhledem k dlouholet\u00fdm zku\u0161enostem v\u00fduky oboru P\u0159ed\u0161koln\u00ed a mimo\u0161koln\u00ed pedagogika na \u00farovn\u00ed st\u0159edn\u00edho vzd\u011bl\u00e1v\u00e1n\u00ed m\u00e1 \u0161kola odpov\u00eddaj\u00edc\u00ed person\u00e1ln\u00ed a kvalitn\u00ed materi\u00e1ln\u00ed z\u00e1zem\u00ed pro vy\u0161\u0161\u00ed \u00farove\u0148 v tomto sm\u011bru vzd\u011bl\u00e1n\u00ed.<\/p>\n<p>Pozice Vy\u0161\u0161\u00ed odborn\u00e9 \u0161koly ekonomick\u00e9, soci\u00e1ln\u00ed a zdravotnick\u00e9 se na trhu vzd\u011bl\u00e1v\u00e1n\u00ed upev\u0148uje a z\u00e1jem o tento typ vzd\u011bl\u00e1v\u00e1n\u00ed se potvrzuje ka\u017edoro\u010dn\u00edm n\u00e1r\u016fstem student\u016f t\u00e9to \u0161koly. V sou\u010dasn\u00e9 dob\u011b studuje na na\u0161\u00ed \u0161kole 400 student\u016f denn\u00edho vzd\u011bl\u00e1v\u00e1n\u00ed a 450 student\u016f d\u00e1lkov\u00e9 formy vzd\u011bl\u00e1v\u00e1n\u00ed. Domn\u00edv\u00e1me se, \u017ee \u0161kola p\u0159isp\u00edv\u00e1 ke stabilizaci trhu pr\u00e1ce cel\u00e9ho regionu a \u017ee kvalita absolvent\u016f a jejich \u00fasp\u011b\u0161n\u00e9 za\u0159azov\u00e1n\u00ed na trhu pr\u00e1ce pos\u00edl\u00ed renom\u00e9 \u0161koly.<\/p>\n<table style=\"width: 87.4154%; height: 548px;\">\n<tbody>\n<tr style=\"height: 111px;\">\n<td style=\"width: 21.3101%; height: 111px;\"><a href=\"https:\/\/www.youtube.com\/watch?v=sH-adLDxUuI\" target=\"_blank\" rel=\"noopener\"><img loading=\"lazy\" decoding=\"async\" class=\"aligncenter wp-image-78\" src=\"\/vos\/obrazky\/logo_youtube.jpg\" alt=\"logo_youtube\" width=\"100\" height=\"62\"><\/a><b><\/b><\/td>\n<td style=\"width: 75.1028%; height: 111px;\">KKOV 75-32-N\/05 &#8211; <strong>Soci\u00e1ln\u011b pr\u00e1vn\u00ed \u010dinnost<\/strong>&nbsp;<\/p>\n<p><a href=\"\/vos\/studium\/letak_spc_denni_2025.pdf\" target=\"_blank\" rel=\"noopener\">denn\u00ed forma<\/a>,&nbsp;<a href=\"\/vos\/studium\/letak_spc_dalkova_2025.pdf\" target=\"_blank\" rel=\"noopener\">d\u00e1lkov\u00e1 forma<\/a><\/td>\n<\/tr>\n<tr style=\"height: 104px;\">\n<td style=\"width: 21.3101%; height: 104px;\"><a href=\"https:\/\/www.youtube.com\/watch?v=nkBwkBJ6pJU\" target=\"_blank\" rel=\"noopener\"><img loading=\"lazy\" decoding=\"async\" class=\"aligncenter wp-image-78\" src=\"\/vos\/obrazky\/logo_youtube.jpg\" alt=\"logo_youtube\" width=\"100\" height=\"62\"><\/a><\/td>\n<td style=\"width: 75.1028%; height: 104px;\">KKOV 63-41-N\/11 &#8211; <strong>Firemn\u00ed ekonomika<\/strong>&nbsp;<\/p>\n<p><a href=\"\/vos\/studium\/letak_fek_denni_2025.pdf\" target=\"_blank\" rel=\"noopener\">denn\u00ed forma<\/a>,&nbsp;<a href=\"\/vos\/studium\/letak_fek_dalkova_2025.pdf\" target=\"_blank\" rel=\"noopener\">d\u00e1lkov\u00e1 forma<\/a><\/td>\n<\/tr>\n<tr style=\"height: 104px;\">\n<td style=\"width: 21.3101%; height: 104px;\"><a href=\"https:\/\/www.youtube.com\/watch?v=_pNng7Sv26c\" target=\"_blank\" rel=\"noopener\"><img loading=\"lazy\" decoding=\"async\" class=\"wp-image-78 aligncenter\" src=\"\/vos\/obrazky\/logo_youtube.jpg\" alt=\"logo_youtube\" width=\"100\" height=\"62\"><\/a><\/td>\n<td style=\"width: 75.1028%; height: 104px;\">KKOV 68-41-N\/05 &#8211; <strong>Pr\u00e1vn\u00ed asistence<\/strong>&nbsp;<\/p>\n<p><a href=\"\/vos\/studium\/letak_pra_denni_2025.pdf\" target=\"_blank\" rel=\"noopener\">denn\u00ed forma<\/a>,&nbsp;<a href=\"\/vos\/studium\/letak_pra_dalkova_2025.pdf\" target=\"_blank\" rel=\"noopener\">d\u00e1lkov\u00e1 forma<\/a><\/td>\n<\/tr>\n<tr style=\"height: 105px;\">\n<td style=\"width: 21.3101%; height: 105px;\"><a href=\"https:\/\/www.youtube.com\/watch?v=W0hKi-D1MtE\" target=\"_blank\" rel=\"noopener\"><img loading=\"lazy\" decoding=\"async\" class=\"wp-image-78 aligncenter\" src=\"\/vos\/obrazky\/logo_youtube.jpg\" alt=\"logo_youtube\" width=\"100\" height=\"62\"><\/a><\/td>\n<td style=\"width: 75.1028%; height: 105px;\">KKOV 75-31-N\/03 &#8211; <strong>P\u0159ed\u0161koln\u00ed a mimo\u0161koln\u00ed pedagogika<\/strong>&nbsp;<\/p>\n<p><a href=\"\/vos\/studium\/letak_pmp_denni_2025.pdf\" target=\"_blank\" rel=\"noopener\">denn\u00ed forma<\/a>,&nbsp;<a href=\"\/vos\/studium\/letak_pmp_dalkova_2025.pdf\" target=\"_blank\" rel=\"noopener\">d\u00e1lkov\u00e1 forma<\/a><\/td>\n<\/tr>\n<tr style=\"height: 105px;\">\n<td style=\"width: 21.3101%; height: 105px;\"><a href=\"https:\/\/www.youtube.com\/watch?v=iVxXpXgOPrI\" target=\"_blank\" rel=\"noopener\"><img loading=\"lazy\" decoding=\"async\" class=\"wp-image-78 aligncenter\" src=\"\/vos\/obrazky\/logo_youtube.jpg\" alt=\"logo_youtube\" width=\"100\" height=\"62\"><\/a><\/td>\n<td style=\"width: 75.1028%; height: 105px;\">KKOV 53-41-N\/11 &#8211; <strong>Diplomovan\u00e1 v\u0161eobecn\u00e1 sestra<\/strong>&nbsp;<\/p>\n<p><a href=\"\/vos\/studium\/letak_dvs_denni_2025.pdf\" target=\"_blank\" rel=\"noopener\">denn\u00ed forma<\/a>,&nbsp;<a href=\"\/vos\/studium\/letak_dvs_kombinovana_2025.pdf\" target=\"_blank\" rel=\"noopener\">kombinovan\u00e1 forma<\/a><\/td>\n<\/tr>\n<tr style=\"height: 105px;\">\n<td style=\"width: 21.3101%; height: 19px;\">&nbsp;<\/td>\n<td style=\"width: 75.1028%; height: 19px;\">KKOV 53-41-N\/51 &#8211; <strong>Diplomovan\u00e1 d\u011btsk\u00e1 sestra<\/strong>&nbsp;<\/p>\n<p><a href=\"\/vos\/studium\/letak_dds_denni_2025.pdf\" target=\"_blank\" rel=\"noopener\">denn\u00ed forma<\/a>,&nbsp;<a href=\"\/vos\/studium\/letak_dds_kombinovana_2025.pdf\" target=\"_blank\" rel=\"noopener\">kombinovan\u00e1 forma<\/a><\/td>\n<\/tr>\n<tr style=\"height: 105px;\">\n<td style=\"width: 21.3101%; height: 19px;\">&nbsp;<\/td>\n<td style=\"width: 75.1028%; height: 19px;\">KKOV 53-41-N\/41 &#8211; <strong>Diplomovan\u00fd nutri\u010dn\u00ed terapeut<\/strong>&nbsp;<\/p>\n<p><a href=\"\/vos\/studium\/letak_dnt_denni_2025.pdf\" target=\"_blank\" rel=\"noopener\">denn\u00ed forma<\/a>,&nbsp;<a href=\"\/vos\/studium\/letak_dnt_kombinovana_2025.pdf\" target=\"_blank\" rel=\"noopener\">kombinovan\u00e1 forma<\/a><\/td>\n<\/tr>\n<\/tbody>\n<\/table>\n","protected":false},"excerpt":{"rendered":"<p>VY\u0160\u0160\u00cd ODBORN\u00c1 \u0160KOLA EKONOMICK\u00c1, SOCI\u00c1LN\u00cd A ZDRAVOTNICK\u00c1 SE P\u0158EDSTAVUJE Vy\u0161\u0161\u00ed odborn\u00e9 vzd\u011bl\u00e1v\u00e1n\u00ed jako nov\u00fd typ a stupe\u0148 vzd\u011bl\u00e1v\u00e1n\u00ed byl zakotven v polovin\u011b 90. let minul\u00e9ho stolet\u00ed jako n\u00e1hrada za tehdy zru\u0161en\u00e9 pomaturitn\u00ed vzd\u011bl\u00e1v\u00e1n\u00ed. Smyslem zaveden\u00ed tohoto stupn\u011b vzd\u011bl\u00e1v\u00e1n\u00ed bylo zajistit <a href=\"https:\/\/www.vos-sosmost.cz\/index.php\/vyssi-odborna-skola\/zakladni-informace-o-vos\/\" class=\"read-more\">Read More &#8230;<\/a><\/p>\n","protected":false},"author":2,"featured_media":0,"parent":21,"menu_order":1,"comment_status":"closed","ping_status":"closed","template":"","meta":{"ngg_post_thumbnail":0,"footnotes":""},"class_list":["post-2462","page","type-page","status-publish","hentry"],"_links":{"self":[{"href":"https:\/\/www.vos-sosmost.cz\/index.php\/wp-json\/wp\/v2\/pages\/2462","targetHints":{"allow":["GET"]}}],"collection":[{"href":"https:\/\/www.vos-sosmost.cz\/index.php\/wp-json\/wp\/v2\/pages"}],"about":[{"href":"https:\/\/www.vos-sosmost.cz\/index.php\/wp-json\/wp\/v2\/types\/page"}],"author":[{"embeddable":true,"href":"https:\/\/www.vos-sosmost.cz\/index.php\/wp-json\/wp\/v2\/users\/2"}],"replies":[{"embeddable":true,"href":"https:\/\/www.vos-sosmost.cz\/index.php\/wp-json\/wp\/v2\/comments?post=2462"}],"version-history":[{"count":18,"href":"https:\/\/www.vos-sosmost.cz\/index.php\/wp-json\/wp\/v2\/pages\/2462\/revisions"}],"predecessor-version":[{"id":9027,"href":"https:\/\/www.vos-sosmost.cz\/index.php\/wp-json\/wp\/v2\/pages\/2462\/revisions\/9027"}],"up":[{"embeddable":true,"href":"https:\/\/www.vos-sosmost.cz\/index.php\/wp-json\/wp\/v2\/pages\/21"}],"wp:attachment":[{"href":"https:\/\/www.vos-sosmost.cz\/index.php\/wp-json\/wp\/v2\/media?parent=2462"}],"curies":[{"name":"wp","href":"https:\/\/api.w.org\/{rel}","templated":true}]}}