{"id":235,"date":"2018-02-08T17:17:34","date_gmt":"2018-02-08T16:17:34","guid":{"rendered":"https:\/\/www.vos-sosmost.cz\/?page_id=235"},"modified":"2024-01-08T12:19:20","modified_gmt":"2024-01-08T11:19:20","slug":"sanitar","status":"publish","type":"page","link":"https:\/\/www.vos-sosmost.cz\/index.php\/kurzy\/prehled-kurzu\/sanitar\/","title":{"rendered":"Sanit\u00e1\u0159"},"content":{"rendered":"<p>Kurz je ur\u010den osob\u00e1m, kter\u00e9 cht\u011bj\u00ed z\u00edskat kvalifikaci pro povol\u00e1n\u00ed sanit\u00e1\u0159e v oblasti zdravotn\u00ed p\u00e9\u010de ve zdravotnick\u00fdch za\u0159\u00edzen\u00edch v oblastech preventivn\u00ed, l\u00e9\u010debn\u00e9, rehabilita\u010dn\u00ed, diagnostick\u00e9, laboratorn\u00ed a l\u00e9k\u00e1rensk\u00e9 p\u00e9\u010de.<br \/>\nAbsolvent tohoto programu z\u00edsk\u00e1 vzd\u011bl\u00e1n\u00ed, tj. odbornou zp\u016fsobilost k v\u00fdkonu povol\u00e1n\u00ed sanit\u00e1\u0159e, kterou bude vykon\u00e1vat pod odborn\u00fdm dohledem zdravotnick\u00e9ho pracovn\u00edka zp\u016fsobil\u00e9ho k v\u00fdkonu povol\u00e1n\u00ed bez odborn\u00e9ho dohledu.<\/p>\n<p><strong>Obsah kurzu:<\/strong> z\u00e1klady ve\u0159ejn\u00e9ho zdravotnictv\u00ed, somatologie, mikrobiologie, epidemiologie a hygiena, specifika jednotliv\u00fdch pracovi\u0161\u0165, postupy a techniky p\u0159i zaji\u0161\u0165ov\u00e1n\u00ed zdravotn\u00ed a o\u0161et\u0159ovatelsk\u00e9 p\u00e9\u010de, z\u00e1kladn\u00ed zdravotnick\u00e1 psychologie, etika a komunikace, odborn\u00e1 praxe<\/p>\n<p><strong>Vstupn\u00ed p\u0159edpoklady:<\/strong> minim\u00e1ln\u011b ukon\u010den\u00e9 z\u00e1kladn\u00ed vzd\u011bl\u00e1n\u00ed, pro lidi star\u0161\u00ed 18 let, dobr\u00fd zdravotn\u00ed stav (potvrzen\u00ed od l\u00e9ka\u0159e), o\u010dkov\u00e1n\u00ed proti virov\u00e9 hepatitis B (HVB)<\/p>\n<p><strong>Rozsah kurzu:<\/strong> <strong>180 hodin<\/strong> (100 hodin teorie, 80 hodin praxe)<\/p>\n<p><strong>Zakon\u010den\u00ed:<\/strong> z\u00e1v\u011bre\u010dn\u00e1 zkou\u0161ka<\/p>\n<p><strong>V\u00fdstup kurzu:<\/strong> osv\u011bd\u010den\u00ed o absolvov\u00e1n\u00ed vzd\u011bl\u00e1vac\u00edho programu<\/p>\n<p><strong>Cena kurzu:<\/strong> 7 300,- K\u010d<\/p>\n<p>Souhrnn\u00fd let\u00e1k ke sta\u017een\u00ed <strong><a href=\"\/titulni\/kurzy\/letak_sanitar.pdf\">zde<\/a><\/strong>.<\/p>\n<p>&nbsp;<\/p>\n","protected":false},"excerpt":{"rendered":"<p>Kurz je ur\u010den osob\u00e1m, kter\u00e9 cht\u011bj\u00ed z\u00edskat kvalifikaci pro povol\u00e1n\u00ed sanit\u00e1\u0159e v oblasti zdravotn\u00ed p\u00e9\u010de ve zdravotnick\u00fdch za\u0159\u00edzen\u00edch v oblastech preventivn\u00ed, l\u00e9\u010debn\u00e9, rehabilita\u010dn\u00ed, diagnostick\u00e9, laboratorn\u00ed a l\u00e9k\u00e1rensk\u00e9 p\u00e9\u010de. Absolvent tohoto programu z\u00edsk\u00e1 vzd\u011bl\u00e1n\u00ed, tj. odbornou zp\u016fsobilost k v\u00fdkonu povol\u00e1n\u00ed sanit\u00e1\u0159e, <a href=\"https:\/\/www.vos-sosmost.cz\/index.php\/kurzy\/prehled-kurzu\/sanitar\/\" class=\"read-more\">Read More &#8230;<\/a><\/p>\n","protected":false},"author":1,"featured_media":0,"parent":221,"menu_order":4,"comment_status":"closed","ping_status":"closed","template":"","meta":{"ngg_post_thumbnail":0,"footnotes":""},"class_list":["post-235","page","type-page","status-publish","hentry"],"_links":{"self":[{"href":"https:\/\/www.vos-sosmost.cz\/index.php\/wp-json\/wp\/v2\/pages\/235","targetHints":{"allow":["GET"]}}],"collection":[{"href":"https:\/\/www.vos-sosmost.cz\/index.php\/wp-json\/wp\/v2\/pages"}],"about":[{"href":"https:\/\/www.vos-sosmost.cz\/index.php\/wp-json\/wp\/v2\/types\/page"}],"author":[{"embeddable":true,"href":"https:\/\/www.vos-sosmost.cz\/index.php\/wp-json\/wp\/v2\/users\/1"}],"replies":[{"embeddable":true,"href":"https:\/\/www.vos-sosmost.cz\/index.php\/wp-json\/wp\/v2\/comments?post=235"}],"version-history":[{"count":12,"href":"https:\/\/www.vos-sosmost.cz\/index.php\/wp-json\/wp\/v2\/pages\/235\/revisions"}],"predecessor-version":[{"id":7695,"href":"https:\/\/www.vos-sosmost.cz\/index.php\/wp-json\/wp\/v2\/pages\/235\/revisions\/7695"}],"up":[{"embeddable":true,"href":"https:\/\/www.vos-sosmost.cz\/index.php\/wp-json\/wp\/v2\/pages\/221"}],"wp:attachment":[{"href":"https:\/\/www.vos-sosmost.cz\/index.php\/wp-json\/wp\/v2\/media?parent=235"}],"curies":[{"name":"wp","href":"https:\/\/api.w.org\/{rel}","templated":true}]}}