{"id":2324,"date":"2025-06-19T08:00:55","date_gmt":"2025-06-19T06:00:55","guid":{"rendered":"https:\/\/www.vos-sosmost.cz\/?page_id=2324"},"modified":"2025-06-19T12:42:41","modified_gmt":"2025-06-19T10:42:41","slug":"vysledky-pr-rizeni-denni","status":"publish","type":"page","link":"https:\/\/www.vos-sosmost.cz\/index.php\/vyssi-odborna-skola\/uchazec\/vysledky-pr-rizeni-denni\/","title":{"rendered":"V\u00fdsledky p\u0159ij\u00edmac\u00edho \u0159\u00edzen\u00ed \u2013 denn\u00ed VO\u0160"},"content":{"rendered":"<h1><span style=\"font-size: 18pt;\">V\u00fdsledky 1. kola p\u0159ij\u00edmac\u00edho \u0159\u00edzen\u00ed na VO\u0160 19. 6. 2025 (denn\u00ed forma vzd\u011bl\u00e1v\u00e1n\u00ed)<\/span><\/h1>\n<p>1. Soci\u00e1ln\u011b pr\u00e1vn\u00ed \u010dinnost \u2013 <a href=\"\/vos\/prijimacky\/vysledky_spc_denni_1.pdf\" target=\"_blank\" rel=\"noopener noreferrer\">v\u00fdsledkov\u00e1 listina<\/a>,&nbsp; <a href=\"\/vos\/prijimacky\/protokol_spc_denni_1.pdf\">protokol<\/a><\/p>\n<p>2. Firemn\u00ed ekonomika \u2013 <a href=\"\/vos\/prijimacky\/vysledky_fek_denni_1.pdf\" target=\"_blank\" rel=\"noopener noreferrer\">v\u00fdsledkov\u00e1 listina<\/a>, <a href=\"\/vos\/prijimacky\/protokol_fek_denni_1.pdf\">protokol<\/a><\/p>\n<p>3. P\u0159ed\u0161koln\u00ed a mimo\u0161koln\u00ed pedagogika \u2013 <a href=\"\/vos\/prijimacky\/vysledky_pmp_denni_1.pdf\" target=\"_blank\" rel=\"noopener noreferrer\">v\u00fdsledkov\u00e1 listina<\/a>, <a href=\"\/vos\/prijimacky\/protokol_pmp_denni_1.pdf\">protokol<\/a><\/p>\n<p>4. Diplomovan\u00e1 v\u0161eobecn\u00e1 sestra \u2013 <a href=\"\/vos\/prijimacky\/vysledky_dvs_denni_1.pdf\" target=\"_blank\" rel=\"noopener noreferrer\">v\u00fdsledkov\u00e1 listina<\/a>, <a href=\"\/vos\/prijimacky\/protokol_dvs_denni_1.pdf\">protokol<\/a><\/p>\n<p>&nbsp;<\/p>\n<p>&nbsp;<\/p>\n<p>&nbsp;<\/p>\n<p>&nbsp;<\/p>\n<p>&nbsp;<\/p>\n<p>&nbsp;<\/p>\n<p>&nbsp;<\/p>\n<p>&nbsp;<\/p>\n","protected":false},"excerpt":{"rendered":"<p>V\u00fdsledky 1. kola p\u0159ij\u00edmac\u00edho \u0159\u00edzen\u00ed na VO\u0160 19. 6. 2025 (denn\u00ed forma vzd\u011bl\u00e1v\u00e1n\u00ed) 1. Soci\u00e1ln\u011b pr\u00e1vn\u00ed \u010dinnost \u2013 v\u00fdsledkov\u00e1 listina,&nbsp; protokol 2. Firemn\u00ed ekonomika \u2013 v\u00fdsledkov\u00e1 listina, protokol 3. P\u0159ed\u0161koln\u00ed a mimo\u0161koln\u00ed pedagogika \u2013 v\u00fdsledkov\u00e1 listina, protokol 4. Diplomovan\u00e1 v\u0161eobecn\u00e1 <a href=\"https:\/\/www.vos-sosmost.cz\/index.php\/vyssi-odborna-skola\/uchazec\/vysledky-pr-rizeni-denni\/\" class=\"read-more\">Read More &#8230;<\/a><\/p>\n","protected":false},"author":2,"featured_media":8290,"parent":2336,"menu_order":0,"comment_status":"closed","ping_status":"closed","template":"","meta":{"ngg_post_thumbnail":0,"footnotes":""},"class_list":["post-2324","page","type-page","status-publish","has-post-thumbnail","hentry"],"_links":{"self":[{"href":"https:\/\/www.vos-sosmost.cz\/index.php\/wp-json\/wp\/v2\/pages\/2324","targetHints":{"allow":["GET"]}}],"collection":[{"href":"https:\/\/www.vos-sosmost.cz\/index.php\/wp-json\/wp\/v2\/pages"}],"about":[{"href":"https:\/\/www.vos-sosmost.cz\/index.php\/wp-json\/wp\/v2\/types\/page"}],"author":[{"embeddable":true,"href":"https:\/\/www.vos-sosmost.cz\/index.php\/wp-json\/wp\/v2\/users\/2"}],"replies":[{"embeddable":true,"href":"https:\/\/www.vos-sosmost.cz\/index.php\/wp-json\/wp\/v2\/comments?post=2324"}],"version-history":[{"count":19,"href":"https:\/\/www.vos-sosmost.cz\/index.php\/wp-json\/wp\/v2\/pages\/2324\/revisions"}],"predecessor-version":[{"id":8724,"href":"https:\/\/www.vos-sosmost.cz\/index.php\/wp-json\/wp\/v2\/pages\/2324\/revisions\/8724"}],"up":[{"embeddable":true,"href":"https:\/\/www.vos-sosmost.cz\/index.php\/wp-json\/wp\/v2\/pages\/2336"}],"wp:featuredmedia":[{"embeddable":true,"href":"https:\/\/www.vos-sosmost.cz\/index.php\/wp-json\/wp\/v2\/media\/8290"}],"wp:attachment":[{"href":"https:\/\/www.vos-sosmost.cz\/index.php\/wp-json\/wp\/v2\/media?parent=2324"}],"curies":[{"name":"wp","href":"https:\/\/api.w.org\/{rel}","templated":true}]}}